Last updated on 2023-02-06 06:51:55 CET.
Flavor | Version | Tinstall | Tcheck | Ttotal | Status | Flags |
---|---|---|---|---|---|---|
r-devel-linux-x86_64-debian-clang | 1.0.0 | 4.89 | 51.40 | 56.29 | NOTE | |
r-devel-linux-x86_64-debian-gcc | 1.0.0 | 4.12 | 38.64 | 42.76 | NOTE | |
r-devel-linux-x86_64-fedora-clang | 1.0.0 | 74.90 | NOTE | |||
r-devel-linux-x86_64-fedora-gcc | 1.0.0 | 67.89 | NOTE | |||
r-devel-windows-x86_64 | 1.0.0 | 11.00 | 94.00 | 105.00 | NOTE | |
r-patched-linux-x86_64 | 1.0.0 | 4.96 | 50.58 | 55.54 | NOTE | |
r-release-linux-x86_64 | 1.0.0 | 5.42 | 51.60 | 57.02 | NOTE | |
r-release-macos-arm64 | 1.0.0 | 51.00 | NOTE | |||
r-release-macos-x86_64 | 1.0.0 | 77.00 | NOTE | |||
r-release-windows-x86_64 | 1.0.0 | 14.00 | 103.00 | 117.00 | NOTE | |
r-oldrel-macos-arm64 | 1.0.0 | 56.00 | NOTE | |||
r-oldrel-macos-x86_64 | 1.0.0 | 63.00 | NOTE | |||
r-oldrel-windows-ix86+x86_64 | 1.0.0 | 13.00 | 103.00 | 116.00 | NOTE |
Version: 1.0.0
Check: package subdirectories
Result: NOTE
Problems with news in ‘NEWS.md’:
Cannot extract version info from the following section titles:
New Stuff
Flavors: r-devel-linux-x86_64-debian-clang, r-devel-linux-x86_64-debian-gcc, r-devel-linux-x86_64-fedora-clang, r-devel-linux-x86_64-fedora-gcc, r-devel-windows-x86_64
Version: 1.0.0
Check: LazyData
Result: NOTE
'LazyData' is specified without a 'data' directory
Flavors: r-devel-linux-x86_64-debian-clang, r-devel-linux-x86_64-debian-gcc, r-devel-linux-x86_64-fedora-clang, r-devel-linux-x86_64-fedora-gcc, r-devel-windows-x86_64, r-patched-linux-x86_64, r-release-linux-x86_64, r-release-macos-arm64, r-release-macos-x86_64, r-release-windows-x86_64, r-oldrel-macos-arm64, r-oldrel-macos-x86_64, r-oldrel-windows-ix86+x86_64
Version: 1.0.0
Check: dependencies in R code
Result: NOTE
Namespaces in Imports field not imported from:
‘rvest’ ‘stringi’
All declared Imports should be used.
Flavors: r-devel-linux-x86_64-fedora-clang, r-devel-linux-x86_64-fedora-gcc, r-release-macos-arm64, r-release-macos-x86_64, r-oldrel-macos-arm64, r-oldrel-macos-x86_64