Last updated on 2023-02-08 07:54:29 CET.
Flavor | Version | Tinstall | Tcheck | Ttotal | Status | Flags |
---|---|---|---|---|---|---|
r-devel-linux-x86_64-debian-clang | 2.0.5 | 27.20 | 79.07 | 106.27 | NOTE | |
r-devel-linux-x86_64-debian-gcc | 2.0.5 | 20.68 | 53.02 | 73.70 | NOTE | |
r-devel-linux-x86_64-fedora-clang | 2.0.5 | 129.77 | NOTE | |||
r-devel-linux-x86_64-fedora-gcc | 2.0.5 | 133.21 | NOTE | |||
r-devel-windows-x86_64 | 2.0.5 | 62.00 | 128.00 | 190.00 | NOTE | |
r-patched-linux-x86_64 | 2.0.5 | 19.53 | 63.11 | 82.64 | OK | |
r-release-linux-x86_64 | 2.0.5 | 23.15 | 58.88 | 82.03 | OK | |
r-release-macos-arm64 | 2.0.5 | 38.00 | OK | |||
r-release-macos-x86_64 | 2.0.5 | 51.00 | OK | |||
r-release-windows-x86_64 | 2.0.5 | 44.00 | 132.00 | 176.00 | OK | |
r-oldrel-macos-arm64 | 2.0.5 | 54.00 | OK | |||
r-oldrel-macos-x86_64 | 2.0.5 | 51.00 | OK | |||
r-oldrel-windows-ix86+x86_64 | 2.0.5 | 65.00 | 125.00 | 190.00 | OK |
Version: 2.0.5
Check: C++ specification
Result: NOTE
Specified C++11: please update to current default of C++17
Flavors: r-devel-linux-x86_64-debian-clang, r-devel-windows-x86_64
Version: 2.0.5
Check: C++ specification
Result: NOTE
Specified C++11: please drop specification unless essential
Flavors: r-devel-linux-x86_64-debian-gcc, r-devel-linux-x86_64-fedora-clang, r-devel-linux-x86_64-fedora-gcc