CRAN Package Check Results for Package fect

Last updated on 2024-06-21 06:58:13 CEST.

Flavor Version Tinstall Tcheck Ttotal Status Flags
r-devel-linux-x86_64-debian-clang 1.0.0 191.88 179.18 371.06 NOTE
r-devel-linux-x86_64-debian-gcc 1.0.0 130.73 129.68 260.41 NOTE
r-devel-linux-x86_64-fedora-clang 1.0.0 520.86 NOTE
r-devel-linux-x86_64-fedora-gcc 1.0.0 431.03 NOTE
r-devel-windows-x86_64 1.0.0 145.00 146.00 291.00 NOTE
r-patched-linux-x86_64 1.0.0 170.99 172.37 343.36 NOTE
r-release-linux-x86_64 1.0.0 140.66 167.46 308.12 NOTE
r-release-macos-arm64 1.0.0 92.00 NOTE
r-release-macos-x86_64 1.0.0 126.00 NOTE
r-release-windows-x86_64 1.0.0 144.00 147.00 291.00 NOTE
r-oldrel-macos-arm64 1.0.0 102.00 NOTE
r-oldrel-macos-x86_64 1.0.0 178.00 NOTE
r-oldrel-windows-x86_64 1.0.0 178.00 190.00 368.00 NOTE

Check Details

Version: 1.0.0
Check: C++ specification
Result: NOTE Specified C++11: please drop specification unless essential Flavors: r-devel-linux-x86_64-debian-clang, r-devel-linux-x86_64-debian-gcc, r-devel-linux-x86_64-fedora-clang, r-devel-linux-x86_64-fedora-gcc, r-devel-windows-x86_64, r-patched-linux-x86_64, r-release-linux-x86_64, r-release-macos-arm64, r-release-macos-x86_64, r-release-windows-x86_64, r-oldrel-macos-arm64, r-oldrel-macos-x86_64, r-oldrel-windows-x86_64

Version: 1.0.0
Check: dependencies in R code
Result: NOTE Namespace in Imports field not imported from: ‘panelView’ All declared Imports should be used. Flavors: r-devel-linux-x86_64-fedora-clang, r-devel-linux-x86_64-fedora-gcc

Version: 1.0.0
Check: installed package size
Result: NOTE installed size is 8.6Mb sub-directories of 1Mb or more: libs 7.2Mb Flavors: r-release-macos-arm64, r-release-macos-x86_64, r-oldrel-macos-arm64, r-oldrel-macos-x86_64