Last updated on 2023-06-01 07:57:00 CEST.
Flavor | Version | Tinstall | Tcheck | Ttotal | Status | Flags |
---|---|---|---|---|---|---|
r-devel-linux-x86_64-debian-clang | 0.12 | 9.60 | 70.25 | 79.85 | NOTE | |
r-devel-linux-x86_64-debian-gcc | 0.12 | 6.72 | 53.06 | 59.78 | NOTE | |
r-devel-linux-x86_64-fedora-clang | 0.12 | 98.31 | NOTE | |||
r-devel-linux-x86_64-fedora-gcc | 0.12 | 93.88 | NOTE | |||
r-devel-windows-x86_64 | 0.12 | 9.00 | 74.00 | 83.00 | NOTE | |
r-patched-linux-x86_64 | 0.12 | NOTE | ||||
r-release-linux-x86_64 | 0.12 | 7.22 | 65.99 | 73.21 | NOTE | |
r-release-macos-arm64 | 0.12 | 35.00 | NOTE | |||
r-release-macos-x86_64 | 0.12 | 59.00 | NOTE | |||
r-release-windows-x86_64 | 0.12 | 10.00 | 83.00 | 93.00 | NOTE | |
r-oldrel-macos-arm64 | 0.12 | 55.00 | NOTE | |||
r-oldrel-macos-x86_64 | 0.12 | 114.00 | NOTE | |||
r-oldrel-windows-x86_64 | 0.12 | 11.00 | 89.00 | 100.00 | NOTE |
Version: 0.12
Check: LazyData
Result: NOTE
'LazyData' is specified without a 'data' directory
Flavors: r-devel-linux-x86_64-debian-clang, r-devel-linux-x86_64-debian-gcc, r-devel-linux-x86_64-fedora-clang, r-devel-linux-x86_64-fedora-gcc, r-devel-windows-x86_64, r-patched-linux-x86_64, r-release-linux-x86_64, r-release-macos-arm64, r-release-macos-x86_64, r-release-windows-x86_64, r-oldrel-macos-arm64, r-oldrel-macos-x86_64, r-oldrel-windows-x86_64
Version: 0.12
Check: dependencies in R code
Result: NOTE
Namespaces in Imports field not imported from:
‘data.table’ ‘ggplot2’ ‘randomcoloR’ ‘sqldf’
All declared Imports should be used.
Flavors: r-devel-linux-x86_64-fedora-clang, r-devel-linux-x86_64-fedora-gcc, r-oldrel-macos-arm64, r-oldrel-macos-x86_64