CRAN Package Check Results for Package fdq

Last updated on 2023-01-27 07:50:32 CET.

Flavor Version Tinstall Tcheck Ttotal Status Flags
r-devel-linux-x86_64-debian-clang 0.12 7.11 70.34 77.45 NOTE
r-devel-linux-x86_64-debian-gcc 0.12 6.86 53.08 59.94 NOTE
r-devel-linux-x86_64-fedora-clang 0.12 100.06 NOTE
r-devel-linux-x86_64-fedora-gcc 0.12 97.12 NOTE
r-devel-windows-x86_64 0.12 22.00 96.00 118.00 NOTE
r-patched-linux-x86_64 0.12 9.44 78.28 87.72 NOTE
r-release-linux-x86_64 0.12 10.10 78.48 88.58 NOTE
r-release-macos-arm64 0.12 55.00 NOTE
r-release-macos-x86_64 0.12 114.00 NOTE
r-release-windows-x86_64 0.12 14.00 98.00 112.00 NOTE
r-oldrel-macos-arm64 0.12 67.00 NOTE
r-oldrel-macos-x86_64 0.12 51.00 NOTE
r-oldrel-windows-ix86+x86_64 0.12 19.00 93.00 112.00 NOTE

Check Details

Version: 0.12
Check: LazyData
Result: NOTE
     'LazyData' is specified without a 'data' directory
Flavors: r-devel-linux-x86_64-debian-clang, r-devel-linux-x86_64-debian-gcc, r-devel-linux-x86_64-fedora-clang, r-devel-linux-x86_64-fedora-gcc, r-devel-windows-x86_64, r-patched-linux-x86_64, r-release-linux-x86_64, r-release-macos-arm64, r-release-macos-x86_64, r-release-windows-x86_64, r-oldrel-macos-arm64, r-oldrel-macos-x86_64, r-oldrel-windows-ix86+x86_64

Version: 0.12
Check: dependencies in R code
Result: NOTE
    Namespaces in Imports field not imported from:
     ‘data.table’ ‘ggplot2’ ‘randomcoloR’ ‘sqldf’
     All declared Imports should be used.
Flavors: r-devel-linux-x86_64-fedora-clang, r-devel-linux-x86_64-fedora-gcc, r-release-macos-arm64, r-release-macos-x86_64, r-oldrel-macos-arm64, r-oldrel-macos-x86_64