Last updated on 2023-02-03 06:50:16 CET.
Flavor | Version | Tinstall | Tcheck | Ttotal | Status | Flags |
---|---|---|---|---|---|---|
r-devel-linux-x86_64-debian-clang | 0.5.9 | 330.69 | 217.27 | 547.96 | OK | |
r-devel-linux-x86_64-debian-gcc | 0.5.9 | 259.48 | 170.43 | 429.91 | OK | |
r-devel-linux-x86_64-fedora-clang | 0.5.9 | 716.89 | OK | |||
r-devel-linux-x86_64-fedora-gcc | 0.5.9 | 698.26 | OK | |||
r-devel-windows-x86_64 | 0.5.9 | 275.00 | 313.00 | 588.00 | OK | |
r-patched-linux-x86_64 | 0.5.9 | 271.71 | 215.70 | 487.41 | OK | |
r-release-linux-x86_64 | 0.5.9 | 224.91 | 218.87 | 443.78 | OK | |
r-release-macos-arm64 | 0.5.9 | 138.00 | NOTE | |||
r-release-macos-x86_64 | 0.5.9 | 231.00 | NOTE | |||
r-release-windows-x86_64 | 0.5.9 | 262.00 | 303.00 | 565.00 | OK | |
r-oldrel-macos-arm64 | 0.5.9 | 141.00 | NOTE | |||
r-oldrel-macos-x86_64 | 0.5.9 | 233.00 | NOTE | |||
r-oldrel-windows-ix86+x86_64 | 0.5.9 | 676.00 | 343.00 | 1019.00 | OK |
Version: 0.5.9
Check: installed package size
Result: NOTE
installed size is 40.2Mb
sub-directories of 1Mb or more:
libs 38.4Mb
Flavors: r-release-macos-arm64, r-release-macos-x86_64, r-oldrel-macos-arm64, r-oldrel-macos-x86_64