Last updated on 2023-01-27 07:50:32 CET.
Flavor | Version | Tinstall | Tcheck | Ttotal | Status | Flags |
---|---|---|---|---|---|---|
r-devel-linux-x86_64-debian-clang | 1.0.3 | 6.99 | 74.64 | 81.63 | OK | |
r-devel-linux-x86_64-debian-gcc | 1.0.3 | 4.70 | 54.77 | 59.47 | OK | |
r-devel-linux-x86_64-fedora-clang | 1.0.3 | 97.30 | NOTE | |||
r-devel-linux-x86_64-fedora-gcc | 1.0.3 | 108.23 | NOTE | |||
r-devel-windows-x86_64 | 1.0.3 | 16.00 | 100.00 | 116.00 | OK | |
r-patched-linux-x86_64 | 1.0.3 | 5.25 | 70.58 | 75.83 | OK | |
r-release-linux-x86_64 | 1.0.3 | 5.57 | 71.85 | 77.42 | OK | |
r-release-macos-arm64 | 1.0.3 | 34.00 | NOTE | |||
r-release-macos-x86_64 | 1.0.3 | 45.00 | NOTE | |||
r-release-windows-x86_64 | 1.0.3 | 25.00 | 109.00 | 134.00 | OK | |
r-oldrel-macos-arm64 | 1.0.3 | 30.00 | NOTE | |||
r-oldrel-macos-x86_64 | 1.0.3 | 50.00 | NOTE | |||
r-oldrel-windows-ix86+x86_64 | 1.0.3 | 18.00 | 99.00 | 117.00 | OK |
Version: 1.0.3
Check: dependencies in R code
Result: NOTE
Namespaces in Imports field not imported from:
‘FastGP’ ‘MASS’ ‘fdapace’
All declared Imports should be used.
Flavors: r-devel-linux-x86_64-fedora-clang, r-devel-linux-x86_64-fedora-gcc, r-release-macos-arm64, r-release-macos-x86_64, r-oldrel-macos-arm64, r-oldrel-macos-x86_64