Last updated on 2023-02-04 08:01:13 CET.
Flavor | Version | Tinstall | Tcheck | Ttotal | Status | Flags |
---|---|---|---|---|---|---|
r-devel-linux-x86_64-debian-clang | 0.6 | 111.52 | 35.67 | 147.19 | OK | |
r-devel-linux-x86_64-debian-gcc | 0.6 | 88.04 | 27.40 | 115.44 | OK | |
r-devel-linux-x86_64-fedora-clang | 0.6 | 205.82 | OK | |||
r-devel-linux-x86_64-fedora-gcc | 0.6 | 194.40 | OK | |||
r-devel-windows-x86_64 | 0.6 | 101.00 | 90.00 | 191.00 | OK | |
r-patched-linux-x86_64 | 0.6 | 91.25 | 36.09 | 127.34 | OK | |
r-release-linux-x86_64 | 0.6 | 87.17 | 34.53 | 121.70 | OK | |
r-release-macos-arm64 | 0.6 | 50.00 | NOTE | |||
r-release-macos-x86_64 | 0.6 | 63.00 | NOTE | |||
r-release-windows-x86_64 | 0.6 | 86.00 | 95.00 | 181.00 | OK | |
r-oldrel-macos-arm64 | 0.6 | 54.00 | NOTE | |||
r-oldrel-macos-x86_64 | 0.6 | 83.00 | NOTE | |||
r-oldrel-windows-ix86+x86_64 | 0.6 | 255.00 | 93.00 | 348.00 | OK |
Version: 0.6
Check: installed package size
Result: NOTE
installed size is 8.4Mb
sub-directories of 1Mb or more:
libs 8.3Mb
Flavors: r-release-macos-arm64, r-release-macos-x86_64, r-oldrel-macos-arm64, r-oldrel-macos-x86_64