CRAN Package Check Results for Package fc

Last updated on 2023-01-27 07:50:32 CET.

Flavor Version Tinstall Tcheck Ttotal Status Flags
r-devel-linux-x86_64-debian-clang 0.1.0 2.20 21.48 23.68 NOTE
r-devel-linux-x86_64-debian-gcc 0.1.0 1.63 17.20 18.83 NOTE
r-devel-linux-x86_64-fedora-clang 0.1.0 30.87 NOTE
r-devel-linux-x86_64-fedora-gcc 0.1.0 29.64 NOTE
r-devel-windows-x86_64 0.1.0 12.00 48.00 60.00 NOTE
r-patched-linux-x86_64 0.1.0 2.04 22.41 24.45 NOTE
r-release-linux-x86_64 0.1.0 1.96 22.03 23.99 NOTE
r-release-macos-arm64 0.1.0 15.00 NOTE
r-release-macos-x86_64 0.1.0 22.00 NOTE
r-release-windows-x86_64 0.1.0 12.00 47.00 59.00 NOTE
r-oldrel-macos-arm64 0.1.0 17.00 NOTE
r-oldrel-macos-x86_64 0.1.0 27.00 NOTE
r-oldrel-windows-ix86+x86_64 0.1.0 5.00 44.00 49.00 NOTE

Check Details

Version: 0.1.0
Check: LazyData
Result: NOTE
     'LazyData' is specified without a 'data' directory
Flavors: r-devel-linux-x86_64-debian-clang, r-devel-linux-x86_64-debian-gcc, r-devel-linux-x86_64-fedora-clang, r-devel-linux-x86_64-fedora-gcc, r-devel-windows-x86_64, r-patched-linux-x86_64, r-release-linux-x86_64, r-release-macos-arm64, r-release-macos-x86_64, r-release-windows-x86_64, r-oldrel-macos-arm64, r-oldrel-macos-x86_64, r-oldrel-windows-ix86+x86_64