Last updated on 2023-03-30 06:53:14 CEST.
Flavor | Version | Tinstall | Tcheck | Ttotal | Status | Flags |
---|---|---|---|---|---|---|
r-devel-linux-x86_64-debian-clang | 1.0.2 | 49.46 | 81.24 | 130.70 | OK | |
r-devel-linux-x86_64-debian-gcc | 1.0.2 | 45.76 | 61.26 | 107.02 | OK | |
r-devel-linux-x86_64-fedora-clang | 1.0.2 | 166.06 | NOTE | |||
r-devel-linux-x86_64-fedora-gcc | 1.0.2 | 164.63 | OK | |||
r-devel-windows-x86_64 | 1.0.2 | 60.00 | 0.00 | 60.00 | NOTE | |
r-patched-linux-x86_64 | 1.0.2 | 51.00 | 76.96 | 127.96 | OK | |
r-release-linux-x86_64 | 1.0.2 | 50.63 | 79.95 | 130.58 | OK | |
r-release-macos-arm64 | 1.0.2 | 70.00 | NOTE | |||
r-release-macos-x86_64 | 1.0.2 | 85.00 | NOTE | |||
r-release-windows-x86_64 | 1.0.2 | 59.00 | 110.00 | 169.00 | NOTE | |
r-oldrel-macos-arm64 | 1.0.2 | 93.00 | NOTE | |||
r-oldrel-macos-x86_64 | 1.0.2 | 122.00 | NOTE | |||
r-oldrel-windows-ix86+x86_64 | 1.0.2 | 78.00 | 102.00 | 180.00 | NOTE |
Version: 1.0.2
Check: installed package size
Result: NOTE
installed size is 15.8Mb
sub-directories of 1Mb or more:
data 15.7Mb
Flavors: r-devel-linux-x86_64-fedora-clang, r-devel-windows-x86_64, r-release-macos-arm64, r-release-macos-x86_64, r-release-windows-x86_64, r-oldrel-macos-arm64, r-oldrel-macos-x86_64, r-oldrel-windows-ix86+x86_64