Last updated on 2023-01-27 07:50:32 CET.
Flavor | Version | Tinstall | Tcheck | Ttotal | Status | Flags |
---|---|---|---|---|---|---|
r-devel-linux-x86_64-debian-clang | 1.0.0 | 6.39 | 44.66 | 51.05 | NOTE | |
r-devel-linux-x86_64-debian-gcc | 1.0.0 | 4.90 | 33.53 | 38.43 | NOTE | |
r-devel-linux-x86_64-fedora-clang | 1.0.0 | 61.66 | NOTE | |||
r-devel-linux-x86_64-fedora-gcc | 1.0.0 | 61.72 | NOTE | |||
r-devel-windows-x86_64 | 1.0.0 | 39.00 | 81.00 | 120.00 | NOTE | |
r-patched-linux-x86_64 | 1.0.0 | 6.58 | 42.57 | 49.15 | NOTE | |
r-release-linux-x86_64 | 1.0.0 | 4.55 | 42.52 | 47.07 | NOTE | |
r-release-macos-arm64 | 1.0.0 | 22.00 | NOTE | |||
r-release-macos-x86_64 | 1.0.0 | 40.00 | NOTE | |||
r-release-windows-x86_64 | 1.0.0 | 32.00 | 71.00 | 103.00 | NOTE | |
r-oldrel-macos-arm64 | 1.0.0 | 27.00 | NOTE | |||
r-oldrel-macos-x86_64 | 1.0.0 | 40.00 | NOTE | |||
r-oldrel-windows-ix86+x86_64 | 1.0.0 | 13.00 | 67.00 | 80.00 | NOTE |
Version: 1.0.0
Check: LazyData
Result: NOTE
'LazyData' is specified without a 'data' directory
Flavors: r-devel-linux-x86_64-debian-clang, r-devel-linux-x86_64-debian-gcc, r-devel-linux-x86_64-fedora-clang, r-devel-linux-x86_64-fedora-gcc, r-devel-windows-x86_64, r-patched-linux-x86_64, r-release-linux-x86_64, r-release-macos-arm64, r-release-macos-x86_64, r-release-windows-x86_64, r-oldrel-macos-arm64, r-oldrel-macos-x86_64, r-oldrel-windows-ix86+x86_64