CRAN Package Check Results for Package fasterElasticNet

Last updated on 2022-09-28 06:54:06 CEST.

Flavor Version Tinstall Tcheck Ttotal Status Flags
r-devel-linux-x86_64-debian-clang 1.1.2 58.81 32.67 91.48 OK
r-devel-linux-x86_64-debian-gcc 1.1.2 47.23 25.39 72.62 OK
r-devel-linux-x86_64-fedora-clang 1.1.2 143.98 OK
r-devel-linux-x86_64-fedora-gcc 1.1.2 138.66 OK
r-devel-windows-x86_64 1.1.2 60.00 88.00 148.00 OK
r-patched-linux-x86_64 1.1.2 49.41 31.24 80.65 OK
r-release-linux-x86_64 1.1.2 49.86 30.80 80.66 OK
r-release-macos-arm64 1.1.2 34.00 NOTE
r-release-macos-x86_64 1.1.2 45.00 NOTE
r-release-windows-x86_64 1.1.2 56.00 85.00 141.00 OK
r-oldrel-macos-arm64 1.1.2 37.00 NOTE
r-oldrel-macos-x86_64 1.1.2 57.00 NOTE
r-oldrel-windows-ix86+x86_64 1.1.2 148.00 80.00 228.00 NOTE

Check Details

Version: 1.1.2
Check: installed package size
Result: NOTE
     installed size is 5.8Mb
     sub-directories of 1Mb or more:
     data 3.1Mb
     libs 2.6Mb
Flavors: r-release-macos-arm64, r-release-macos-x86_64, r-oldrel-macos-arm64, r-oldrel-macos-x86_64, r-oldrel-windows-ix86+x86_64