Last updated on 2023-01-27 07:50:32 CET.
Flavor | Version | Tinstall | Tcheck | Ttotal | Status | Flags |
---|---|---|---|---|---|---|
r-devel-linux-x86_64-debian-clang | 0.6-3 | 3.39 | 20.69 | 24.08 | OK | |
r-devel-linux-x86_64-debian-gcc | 0.6-3 | 2.53 | 16.46 | 18.99 | NOTE | |
r-devel-linux-x86_64-fedora-clang | 0.6-3 | 33.32 | NOTE | |||
r-devel-linux-x86_64-fedora-gcc | 0.6-3 | 31.22 | NOTE | |||
r-devel-windows-x86_64 | 0.6-3 | 10.00 | 47.00 | 57.00 | OK | |
r-patched-linux-x86_64 | 0.6-3 | 3.07 | 21.54 | 24.61 | OK | |
r-release-linux-x86_64 | 0.6-3 | 2.65 | 21.70 | 24.35 | OK | |
r-release-macos-arm64 | 0.6-3 | 16.00 | OK | |||
r-release-macos-x86_64 | 0.6-3 | 20.00 | OK | |||
r-release-windows-x86_64 | 0.6-3 | 22.00 | 49.00 | 71.00 | OK | |
r-oldrel-macos-arm64 | 0.6-3 | 23.00 | OK | |||
r-oldrel-macos-x86_64 | 0.6-3 | 23.00 | OK | |||
r-oldrel-windows-ix86+x86_64 | 0.6-3 | 10.00 | 55.00 | 65.00 | OK |
Version: 0.6-3
Check: C++ specification
Result: NOTE
Specified C++11: please update to current default of C++17
Flavors: r-devel-linux-x86_64-debian-gcc, r-devel-linux-x86_64-fedora-gcc
Version: 0.6-3
Check: compiled code
Result: NOTE
File ‘fastdigest/libs/fastdigest.so’:
Found no call to: ‘R_useDynamicSymbols’
It is good practice to register native routines and to disable symbol
search.
See ‘Writing portable packages’ in the ‘Writing R Extensions’ manual.
Flavors: r-devel-linux-x86_64-fedora-clang, r-devel-linux-x86_64-fedora-gcc