Last updated on 2023-10-04 07:03:03 CEST.
Flavor | Version | Tinstall | Tcheck | Ttotal | Status | Flags |
---|---|---|---|---|---|---|
r-devel-linux-x86_64-debian-clang | 0.6-142 | 170.88 | 251.41 | 422.29 | NOTE | |
r-devel-linux-x86_64-debian-gcc | 0.6-142 | 131.82 | 183.62 | 315.44 | NOTE | |
r-devel-linux-x86_64-fedora-clang | 0.6-142 | 636.95 | NOTE | |||
r-devel-linux-x86_64-fedora-gcc | 0.6-142 | 586.00 | NOTE | |||
r-devel-windows-x86_64 | 0.6-142 | 136.00 | 208.00 | 344.00 | NOTE | |
r-patched-linux-x86_64 | 0.6-142 | 124.83 | 246.24 | 371.07 | NOTE | |
r-release-linux-x86_64 | 0.6-142 | 164.25 | 247.89 | 412.14 | NOTE | |
r-release-macos-arm64 | 0.6-142 | 159.00 | NOTE | |||
r-release-macos-x86_64 | 0.6-142 | 242.00 | NOTE | |||
r-release-windows-x86_64 | 0.6-142 | 187.00 | 261.00 | 448.00 | NOTE | |
r-oldrel-macos-arm64 | 0.6-142 | 140.00 | NOTE | |||
r-oldrel-macos-x86_64 | 0.6-142 | 183.00 | NOTE | |||
r-oldrel-windows-x86_64 | 0.6-142 | 183.00 | 262.00 | 445.00 | NOTE |
Version: 0.6-142
Check: package dependencies
Result: NOTE
Package suggested but not available for checking: ‘NNLM’
Flavors: r-devel-linux-x86_64-debian-clang, r-devel-linux-x86_64-debian-gcc, r-devel-linux-x86_64-fedora-clang, r-devel-linux-x86_64-fedora-gcc, r-devel-windows-x86_64, r-patched-linux-x86_64, r-release-linux-x86_64, r-release-macos-arm64, r-release-macos-x86_64, r-release-windows-x86_64, r-oldrel-macos-arm64, r-oldrel-macos-x86_64, r-oldrel-windows-x86_64
Version: 0.6-142
Check: C++ specification
Result: NOTE
Specified C++11: please drop specification unless essential
Flavors: r-devel-linux-x86_64-debian-clang, r-devel-linux-x86_64-debian-gcc, r-devel-linux-x86_64-fedora-clang, r-devel-linux-x86_64-fedora-gcc, r-devel-windows-x86_64, r-patched-linux-x86_64, r-release-linux-x86_64, r-release-macos-arm64, r-release-macos-x86_64, r-release-windows-x86_64
Version: 0.6-142
Check: for GNU extensions in Makefiles
Result: NOTE
GNU make is a SystemRequirements.
Flavors: r-devel-linux-x86_64-debian-clang, r-devel-linux-x86_64-debian-gcc, r-devel-linux-x86_64-fedora-clang, r-devel-linux-x86_64-fedora-gcc, r-devel-windows-x86_64, r-patched-linux-x86_64, r-release-linux-x86_64, r-release-macos-arm64, r-release-macos-x86_64, r-release-windows-x86_64, r-oldrel-macos-arm64, r-oldrel-macos-x86_64, r-oldrel-windows-x86_64
Version: 0.6-142
Check: installed package size
Result: NOTE
installed size is 5.6Mb
sub-directories of 1Mb or more:
data 4.3Mb
Flavors: r-devel-linux-x86_64-fedora-clang, r-devel-windows-x86_64, r-release-macos-arm64, r-release-macos-x86_64, r-release-windows-x86_64, r-oldrel-macos-arm64, r-oldrel-macos-x86_64, r-oldrel-windows-x86_64