CRAN Package Check Results for Package fastICA

Last updated on 2024-05-25 07:51:33 CEST.

Flavor Version Tinstall Tcheck Ttotal Status Flags
r-devel-linux-x86_64-debian-clang 1.2-4 3.84 24.71 28.55 OK
r-devel-linux-x86_64-debian-gcc 1.2-4 2.64 19.39 22.03 OK
r-devel-linux-x86_64-fedora-clang 1.2-4 37.02 OK
r-devel-linux-x86_64-fedora-gcc 1.2-4 35.98 OK
r-devel-windows-x86_64 1.2-4 5.00 43.00 48.00 WARN
r-patched-linux-x86_64 1.2-4 3.73 24.36 28.09 OK
r-release-linux-x86_64 1.2-4 3.59 24.36 27.95 OK
r-release-macos-arm64 1.2-4 18.00 OK
r-release-windows-x86_64 1.2-4 5.00 775.00 780.00 WARN
r-oldrel-macos-arm64 1.2-4 30.00 OK
r-oldrel-macos-x86_64 1.2-4 52.00 OK
r-oldrel-windows-x86_64 1.2-4 7.00 44.00 51.00 OK

Check Details

Version: 1.2-4
Check: whether package can be installed
Result: WARN Found the following significant warnings: ica.c:100:25: warning: format '%lu' expects argument of type 'long unsigned int', but argument 2 has type 'size_t' {aka 'long long unsigned int'} [-Wformat=] ica.c:100:31: warning: format '%lu' expects argument of type 'long unsigned int', but argument 3 has type 'size_t' {aka 'long long unsigned int'} [-Wformat=] See 'd:/Rcompile/CRANpkg/local/4.5/fastICA.Rcheck/00install.out' for details. * used C compiler: 'gcc.exe (GCC) 13.2.0' Flavor: r-devel-windows-x86_64

Version: 1.2-4
Check: whether package can be installed
Result: WARN Found the following significant warnings: ica.c:100:25: warning: format '%lu' expects argument of type 'long unsigned int', but argument 2 has type 'size_t' {aka 'long long unsigned int'} [-Wformat=] ica.c:100:31: warning: format '%lu' expects argument of type 'long unsigned int', but argument 3 has type 'size_t' {aka 'long long unsigned int'} [-Wformat=] See 'd:/Rcompile/CRANpkg/local/4.4/fastICA.Rcheck/00install.out' for details. * used C compiler: 'gcc.exe (GCC) 13.2.0' Flavor: r-release-windows-x86_64