Last updated on 2023-01-27 07:50:32 CET.
Flavor | Version | Tinstall | Tcheck | Ttotal | Status | Flags |
---|---|---|---|---|---|---|
r-devel-linux-x86_64-debian-clang | 0.7.6 | 10.97 | 103.21 | 114.18 | NOTE | |
r-devel-linux-x86_64-debian-gcc | 0.7.6 | 10.47 | 78.35 | 88.82 | NOTE | |
r-devel-linux-x86_64-fedora-clang | 0.7.6 | 142.58 | NOTE | |||
r-devel-linux-x86_64-fedora-gcc | 0.7.6 | 144.44 | NOTE | |||
r-devel-windows-x86_64 | 0.7.6 | 27.00 | 129.00 | 156.00 | NOTE | |
r-patched-linux-x86_64 | 0.7.6 | 13.02 | 100.94 | 113.96 | OK | |
r-release-linux-x86_64 | 0.7.6 | 11.37 | 101.74 | 113.11 | OK | |
r-release-macos-arm64 | 0.7.6 | 42.00 | OK | |||
r-release-macos-x86_64 | 0.7.6 | 71.00 | OK | |||
r-release-windows-x86_64 | 0.7.6 | 31.00 | 128.00 | 159.00 | OK | |
r-oldrel-macos-arm64 | 0.7.6 | 59.00 | OK | |||
r-oldrel-macos-x86_64 | 0.7.6 | 104.00 | OK | |||
r-oldrel-windows-ix86+x86_64 | 0.7.6 | 28.00 | 121.00 | 149.00 | OK |
Version: 0.7.6
Check: package subdirectories
Result: NOTE
Problems with news in ‘NEWS.md’:
No news entries found.
Flavors: r-devel-linux-x86_64-debian-clang, r-devel-linux-x86_64-debian-gcc, r-devel-linux-x86_64-fedora-clang, r-devel-linux-x86_64-fedora-gcc, r-devel-windows-x86_64