CRAN Package Check Results for Package factormodel

Last updated on 2023-01-29 07:56:02 CET.

Flavor Version Tinstall Tcheck Ttotal Status Flags
r-devel-linux-x86_64-debian-clang 1.0 1.83 45.31 47.14 OK
r-devel-linux-x86_64-debian-gcc 1.0 1.83 33.14 34.97 OK
r-devel-linux-x86_64-fedora-clang 1.0 61.05 NOTE
r-devel-linux-x86_64-fedora-gcc 1.0 66.73 NOTE
r-devel-windows-x86_64 1.0 16.00 78.00 94.00 OK
r-patched-linux-x86_64 1.0 2.61 43.36 45.97 OK
r-release-linux-x86_64 1.0 2.27 43.17 45.44 OK
r-release-macos-arm64 1.0 21.00 NOTE
r-release-macos-x86_64 1.0 39.00 NOTE
r-release-windows-x86_64 1.0 11.00 76.00 87.00 OK
r-oldrel-macos-arm64 1.0 26.00 NOTE
r-oldrel-macos-x86_64 1.0 30.00 NOTE
r-oldrel-windows-ix86+x86_64 1.0 6.00 71.00 77.00 OK

Check Details

Version: 1.0
Check: dependencies in R code
Result: NOTE
    Namespace in Imports field not imported from: ‘dplyr’
     All declared Imports should be used.
Flavors: r-devel-linux-x86_64-fedora-clang, r-devel-linux-x86_64-fedora-gcc, r-release-macos-arm64, r-release-macos-x86_64, r-oldrel-macos-arm64, r-oldrel-macos-x86_64