Last updated on 2023-02-03 06:50:16 CET.
Flavor | Version | Tinstall | Tcheck | Ttotal | Status | Flags |
---|---|---|---|---|---|---|
r-devel-linux-x86_64-debian-clang | 0.3.2 | 17.74 | 224.35 | 242.09 | OK | |
r-devel-linux-x86_64-debian-gcc | 0.3.2 | 12.72 | 162.95 | 175.67 | OK | |
r-devel-linux-x86_64-fedora-clang | 0.3.2 | 287.53 | NOTE | |||
r-devel-linux-x86_64-fedora-gcc | 0.3.2 | 346.87 | OK | |||
r-devel-windows-x86_64 | 0.3.2 | 155.00 | 278.00 | 433.00 | OK | |
r-patched-linux-x86_64 | 0.3.2 | 22.88 | 208.77 | 231.65 | OK | |
r-release-linux-x86_64 | 0.3.2 | 17.03 | 211.67 | 228.70 | OK | |
r-release-macos-arm64 | 0.3.2 | 75.00 | OK | |||
r-release-macos-x86_64 | 0.3.2 | 149.00 | OK | |||
r-release-windows-x86_64 | 0.3.2 | 116.00 | 267.00 | 383.00 | OK | |
r-oldrel-macos-arm64 | 0.3.2 | 382.00 | OK | |||
r-oldrel-macos-x86_64 | 0.3.2 | 95.00 | OK | |||
r-oldrel-windows-ix86+x86_64 | 0.3.2 | 34.00 | 248.00 | 282.00 | OK |
Version: 0.3.2
Check: Rd cross-references
Result: NOTE
Undeclared package ‘future’ in Rd xrefs
Flavor: r-devel-linux-x86_64-fedora-clang