Last updated on 2023-01-29 07:56:01 CET.
Flavor | Version | Tinstall | Tcheck | Ttotal | Status | Flags |
---|---|---|---|---|---|---|
r-devel-linux-x86_64-debian-clang | 0.3.2 | 31.27 | 202.54 | 233.81 | OK | |
r-devel-linux-x86_64-debian-gcc | 0.3.2 | 25.36 | 145.48 | 170.84 | OK | |
r-devel-linux-x86_64-fedora-clang | 0.3.2 | 325.74 | NOTE | |||
r-devel-linux-x86_64-fedora-gcc | 0.3.2 | 329.51 | OK | |||
r-devel-windows-x86_64 | 0.3.2 | 83.00 | 280.00 | 363.00 | NOTE | |
r-patched-linux-x86_64 | 0.3.2 | 33.09 | 190.11 | 223.20 | OK | |
r-release-linux-x86_64 | 0.3.2 | 27.09 | 190.00 | 217.09 | OK | |
r-release-macos-arm64 | 0.3.2 | 74.00 | OK | |||
r-release-macos-x86_64 | 0.3.2 | 105.00 | OK | |||
r-release-windows-x86_64 | 0.3.2 | 90.00 | 255.00 | 345.00 | OK | |
r-oldrel-macos-arm64 | 0.3.2 | 86.00 | OK | |||
r-oldrel-macos-x86_64 | 0.3.2 | 110.00 | OK | |||
r-oldrel-windows-ix86+x86_64 | 0.3.2 | 76.00 | 388.00 | 464.00 | OK |
Version: 0.3.2
Check: Rd cross-references
Result: NOTE
Undeclared package ‘lmtest’ in Rd xrefs
Flavor: r-devel-linux-x86_64-fedora-clang
Version: 0.3.2
Check: C++ specification
Result: NOTE
Specified C++11: please update to current default of C++17
Flavor: r-devel-windows-x86_64