Last updated on 2023-02-08 07:54:29 CET.
Flavor | Version | Tinstall | Tcheck | Ttotal | Status | Flags |
---|---|---|---|---|---|---|
r-devel-linux-x86_64-debian-clang | 5.0 | 56.40 | 114.70 | 171.10 | NOTE | |
r-devel-linux-x86_64-debian-gcc | 5.0 | 44.91 | 82.77 | 127.68 | NOTE | |
r-devel-linux-x86_64-fedora-clang | 5.0 | 232.45 | NOTE | |||
r-devel-linux-x86_64-fedora-gcc | 5.0 | 215.28 | NOTE | |||
r-devel-windows-x86_64 | 5.0 | 92.00 | 172.00 | 264.00 | NOTE | |
r-patched-linux-x86_64 | 5.0 | 49.77 | 103.98 | 153.75 | OK | |
r-release-linux-x86_64 | 5.0 | 49.82 | 106.32 | 156.14 | OK | |
r-release-macos-arm64 | 5.0 | 54.00 | OK | |||
r-release-macos-x86_64 | 5.0 | 96.00 | OK | |||
r-release-windows-x86_64 | 5.0 | 87.00 | 187.00 | 274.00 | OK | |
r-oldrel-macos-arm64 | 5.0 | 61.00 | OK | |||
r-oldrel-macos-x86_64 | 5.0 | 88.00 | OK | |||
r-oldrel-windows-ix86+x86_64 | 5.0 | 119.00 | 180.00 | 299.00 | OK |
Version: 5.0
Check: C++ specification
Result: NOTE
Specified C++11: please update to current default of C++17
Flavors: r-devel-linux-x86_64-debian-clang, r-devel-windows-x86_64
Version: 5.0
Check: C++ specification
Result: NOTE
Specified C++11: please drop specification unless essential
Flavors: r-devel-linux-x86_64-debian-gcc, r-devel-linux-x86_64-fedora-clang, r-devel-linux-x86_64-fedora-gcc