CRAN Package Check Results for Package fTrading

Last updated on 2023-09-21 07:54:53 CEST.

Flavor Version Tinstall Tcheck Ttotal Status Flags
r-devel-linux-x86_64-debian-clang 3042.79 6.24 59.50 65.74 NOTE
r-devel-linux-x86_64-debian-gcc 3042.79 5.24 45.18 50.42 NOTE
r-devel-linux-x86_64-fedora-clang 3042.79 79.53 NOTE
r-devel-linux-x86_64-fedora-gcc 3042.79 78.84 NOTE
r-devel-windows-x86_64 3042.79 6.00 60.00 66.00 NOTE
r-patched-linux-x86_64 3042.79 4.78 57.29 62.07 NOTE
r-release-linux-x86_64 3042.79 4.86 57.73 62.59 NOTE
r-release-macos-arm64 3042.79 27.00 NOTE
r-release-macos-x86_64 3042.79 38.00 NOTE
r-release-windows-x86_64 3042.79 9.00 67.00 76.00 NOTE
r-oldrel-macos-arm64 3042.79 27.00 NOTE
r-oldrel-macos-x86_64 3042.79 36.00 NOTE
r-oldrel-windows-x86_64 3042.79 17.00 71.00 88.00 NOTE

Check Details

Version: 3042.79
Check: LazyData
Result: NOTE
     'LazyData' is specified without a 'data' directory
Flavors: r-devel-linux-x86_64-debian-clang, r-devel-linux-x86_64-debian-gcc, r-devel-linux-x86_64-fedora-clang, r-devel-linux-x86_64-fedora-gcc, r-devel-windows-x86_64, r-patched-linux-x86_64, r-release-linux-x86_64, r-release-macos-arm64, r-release-macos-x86_64, r-release-windows-x86_64, r-oldrel-macos-arm64, r-oldrel-macos-x86_64, r-oldrel-windows-x86_64