Last updated on 2023-01-30 09:54:11 CET.
Flavor | Version | Tinstall | Tcheck | Ttotal | Status | Flags |
---|---|---|---|---|---|---|
r-devel-linux-x86_64-debian-clang | 3042.79 | 5.66 | 57.99 | 63.65 | NOTE | |
r-devel-linux-x86_64-debian-gcc | 3042.79 | 5.24 | 43.97 | 49.21 | NOTE | |
r-devel-linux-x86_64-fedora-clang | 3042.79 | 81.12 | NOTE | |||
r-devel-linux-x86_64-fedora-gcc | 3042.79 | 78.20 | NOTE | |||
r-devel-windows-x86_64 | 3042.79 | 27.00 | 86.00 | 113.00 | NOTE | |
r-patched-linux-x86_64 | 3042.79 | 5.77 | 55.52 | 61.29 | NOTE | |
r-release-linux-x86_64 | 3042.79 | 7.05 | 57.65 | 64.70 | NOTE | |
r-release-macos-arm64 | 3042.79 | 26.00 | NOTE | |||
r-release-macos-x86_64 | 3042.79 | 36.00 | NOTE | |||
r-release-windows-x86_64 | 3042.79 | 10.00 | 89.00 | 99.00 | NOTE | |
r-oldrel-macos-arm64 | 3042.79 | 31.00 | NOTE | |||
r-oldrel-macos-x86_64 | 3042.79 | 50.00 | NOTE | |||
r-oldrel-windows-ix86+x86_64 | 3042.79 | 14.00 | 83.00 | 97.00 | NOTE |
Version: 3042.79
Check: LazyData
Result: NOTE
'LazyData' is specified without a 'data' directory
Flavors: r-devel-linux-x86_64-debian-clang, r-devel-linux-x86_64-debian-gcc, r-devel-linux-x86_64-fedora-clang, r-devel-linux-x86_64-fedora-gcc, r-devel-windows-x86_64, r-patched-linux-x86_64, r-release-linux-x86_64, r-release-macos-arm64, r-release-macos-x86_64, r-release-windows-x86_64, r-oldrel-macos-arm64, r-oldrel-macos-x86_64, r-oldrel-windows-ix86+x86_64