CRAN Package Check Results for Package fBonds

Last updated on 2023-01-30 09:54:10 CET.

Flavor Version Tinstall Tcheck Ttotal Status Flags
r-devel-linux-x86_64-debian-clang 3042.78 3.70 51.27 54.97 NOTE
r-devel-linux-x86_64-debian-gcc 3042.78 4.98 39.54 44.52 NOTE
r-devel-linux-x86_64-fedora-clang 3042.78 72.22 NOTE
r-devel-linux-x86_64-fedora-gcc 3042.78 71.87 NOTE
r-devel-windows-x86_64 3042.78 14.00 80.00 94.00 NOTE
r-patched-linux-x86_64 3042.78 6.13 51.60 57.73 NOTE
r-release-linux-x86_64 3042.78 5.36 52.38 57.74 NOTE
r-release-macos-arm64 3042.78 26.00 NOTE
r-release-macos-x86_64 3042.78 34.00 NOTE
r-release-windows-x86_64 3042.78 9.00 82.00 91.00 NOTE
r-oldrel-macos-arm64 3042.78 33.00 NOTE
r-oldrel-macos-x86_64 3042.78 43.00 NOTE
r-oldrel-windows-ix86+x86_64 3042.78 13.00 74.00 87.00 NOTE

Check Details

Version: 3042.78
Check: LazyData
Result: NOTE
     'LazyData' is specified without a 'data' directory
Flavors: r-devel-linux-x86_64-debian-clang, r-devel-linux-x86_64-debian-gcc, r-devel-linux-x86_64-fedora-clang, r-devel-linux-x86_64-fedora-gcc, r-devel-windows-x86_64, r-patched-linux-x86_64, r-release-linux-x86_64, r-release-macos-arm64, r-release-macos-x86_64, r-release-windows-x86_64, r-oldrel-macos-arm64, r-oldrel-macos-x86_64, r-oldrel-windows-ix86+x86_64