Last updated on 2023-06-10 08:00:21 CEST.
Flavor | Version | Tinstall | Tcheck | Ttotal | Status | Flags |
---|---|---|---|---|---|---|
r-devel-linux-x86_64-debian-clang | 0.2.4 | 2.07 | 42.48 | 44.55 | NOTE | |
r-devel-linux-x86_64-debian-gcc | 0.2.4 | 2.13 | 32.68 | 34.81 | NOTE | |
r-devel-linux-x86_64-fedora-clang | 0.2.4 | 56.23 | NOTE | |||
r-devel-linux-x86_64-fedora-gcc | 0.2.4 | 65.99 | NOTE | |||
r-devel-windows-x86_64 | 0.2.4 | 4.00 | 59.00 | 63.00 | NOTE | |
r-patched-linux-x86_64 | 0.2.4 | 2.70 | 40.58 | 43.28 | NOTE | |
r-release-linux-x86_64 | 0.2.4 | 2.78 | 40.71 | 43.49 | NOTE | |
r-release-macos-arm64 | 0.2.4 | 29.00 | NOTE | |||
r-release-macos-x86_64 | 0.2.4 | 41.00 | NOTE | |||
r-release-windows-x86_64 | 0.2.4 | 5.00 | 61.00 | 66.00 | NOTE | |
r-oldrel-macos-arm64 | 0.2.4 | 24.00 | NOTE | |||
r-oldrel-macos-x86_64 | 0.2.4 | 42.00 | NOTE | |||
r-oldrel-windows-x86_64 | 0.2.4 | 5.00 | 60.00 | 65.00 | NOTE |
Version: 0.2.4
Check: LazyData
Result: NOTE
'LazyData' is specified without a 'data' directory
Flavors: r-devel-linux-x86_64-debian-clang, r-devel-linux-x86_64-debian-gcc, r-devel-linux-x86_64-fedora-clang, r-devel-linux-x86_64-fedora-gcc, r-devel-windows-x86_64, r-patched-linux-x86_64, r-release-linux-x86_64, r-release-macos-arm64, r-release-macos-x86_64, r-release-windows-x86_64, r-oldrel-macos-arm64, r-oldrel-macos-x86_64, r-oldrel-windows-x86_64