Last updated on 2023-02-03 06:50:16 CET.
Flavor | Version | Tinstall | Tcheck | Ttotal | Status | Flags |
---|---|---|---|---|---|---|
r-devel-linux-x86_64-debian-clang | 0.6 | 2.19 | 26.37 | 28.56 | NOTE | |
r-devel-linux-x86_64-debian-gcc | 0.6 | 1.71 | 21.44 | 23.15 | NOTE | |
r-devel-linux-x86_64-fedora-clang | 0.6 | 37.92 | NOTE | |||
r-devel-linux-x86_64-fedora-gcc | 0.6 | 48.85 | NOTE | |||
r-devel-windows-x86_64 | 0.6 | 8.00 | 63.00 | 71.00 | NOTE | |
r-patched-linux-x86_64 | 0.6 | 2.49 | 26.42 | 28.91 | NOTE | |
r-release-linux-x86_64 | 0.6 | 2.05 | 26.99 | 29.04 | NOTE | |
r-release-macos-arm64 | 0.6 | 23.00 | NOTE | |||
r-release-macos-x86_64 | 0.6 | 30.00 | NOTE | |||
r-release-windows-x86_64 | 0.6 | 8.00 | 62.00 | 70.00 | NOTE | |
r-oldrel-macos-arm64 | 0.6 | 22.00 | NOTE | |||
r-oldrel-macos-x86_64 | 0.6 | 30.00 | NOTE | |||
r-oldrel-windows-ix86+x86_64 | 0.6 | 5.00 | 55.00 | 60.00 | NOTE |
Version: 0.6
Check: LazyData
Result: NOTE
'LazyData' is specified without a 'data' directory
Flavors: r-devel-linux-x86_64-debian-clang, r-devel-linux-x86_64-debian-gcc, r-devel-linux-x86_64-fedora-clang, r-devel-linux-x86_64-fedora-gcc, r-devel-windows-x86_64, r-patched-linux-x86_64, r-release-linux-x86_64, r-release-macos-arm64, r-release-macos-x86_64, r-release-windows-x86_64, r-oldrel-macos-arm64, r-oldrel-macos-x86_64, r-oldrel-windows-ix86+x86_64