Last updated on 2023-03-30 06:53:14 CEST.
Flavor | Version | Tinstall | Tcheck | Ttotal | Status | Flags |
---|---|---|---|---|---|---|
r-devel-linux-x86_64-debian-clang | 2.3.3 | 5.80 | 57.45 | 63.25 | NOTE | |
r-devel-linux-x86_64-debian-gcc | 2.3.3 | 5.07 | 46.50 | 51.57 | NOTE | |
r-devel-linux-x86_64-fedora-clang | 2.3.3 | 82.20 | NOTE | |||
r-devel-linux-x86_64-fedora-gcc | 2.3.3 | 90.12 | NOTE | |||
r-devel-windows-x86_64 | 2.3.3 | 21.00 | 0.00 | 21.00 | NOTE | |
r-patched-linux-x86_64 | 2.3.3 | 5.44 | 56.12 | 61.56 | NOTE | |
r-release-linux-x86_64 | 2.3.3 | 6.14 | 58.07 | 64.21 | OK | |
r-release-macos-arm64 | 2.3.3 | 34.00 | OK | |||
r-release-macos-x86_64 | 2.3.3 | 52.00 | OK | |||
r-release-windows-x86_64 | 2.3.3 | 38.00 | 98.00 | 136.00 | OK | |
r-oldrel-macos-arm64 | 2.3.3 | 41.00 | OK | |||
r-oldrel-macos-x86_64 | 2.3.3 | 64.00 | OK | |||
r-oldrel-windows-ix86+x86_64 | 2.3.3 | 15.00 | 79.00 | 94.00 | OK |
Version: 2.3.3
Check: Rd files
Result: NOTE
checkRd: (-1) outlierPlot.Rd:30: Escaped LaTeX specials: \$
checkRd: (-1) outlierPlot.Rd:32: Escaped LaTeX specials: \$
Flavors: r-devel-linux-x86_64-debian-clang, r-devel-linux-x86_64-debian-gcc, r-devel-linux-x86_64-fedora-clang, r-devel-linux-x86_64-fedora-gcc, r-devel-windows-x86_64, r-patched-linux-x86_64