Last updated on 2023-02-07 07:53:58 CET.
Flavor | Version | Tinstall | Tcheck | Ttotal | Status | Flags |
---|---|---|---|---|---|---|
r-devel-linux-x86_64-debian-clang | 0.1.1 | 2.67 | 28.96 | 31.63 | NOTE | |
r-devel-linux-x86_64-debian-gcc | 0.1.1 | 1.79 | 22.65 | 24.44 | NOTE | |
r-devel-linux-x86_64-fedora-clang | 0.1.1 | 39.30 | NOTE | |||
r-devel-linux-x86_64-fedora-gcc | 0.1.1 | 48.76 | NOTE | |||
r-devel-windows-x86_64 | 0.1.1 | 67.00 | 60.00 | 127.00 | NOTE | |
r-patched-linux-x86_64 | 0.1.1 | 2.89 | 28.50 | 31.39 | NOTE | |
r-release-linux-x86_64 | 0.1.1 | 2.64 | 28.85 | 31.49 | NOTE | |
r-release-macos-arm64 | 0.1.1 | 17.00 | NOTE | |||
r-release-macos-x86_64 | 0.1.1 | 26.00 | NOTE | |||
r-release-windows-x86_64 | 0.1.1 | 35.00 | 62.00 | 97.00 | NOTE | |
r-oldrel-macos-arm64 | 0.1.1 | 19.00 | NOTE | |||
r-oldrel-macos-x86_64 | 0.1.1 | 29.00 | NOTE | |||
r-oldrel-windows-ix86+x86_64 | 0.1.1 | 6.00 | 57.00 | 63.00 | NOTE |
Version: 0.1.1
Check: LazyData
Result: NOTE
'LazyData' is specified without a 'data' directory
Flavors: r-devel-linux-x86_64-debian-clang, r-devel-linux-x86_64-debian-gcc, r-devel-linux-x86_64-fedora-clang, r-devel-linux-x86_64-fedora-gcc, r-devel-windows-x86_64, r-patched-linux-x86_64, r-release-linux-x86_64, r-release-macos-arm64, r-release-macos-x86_64, r-release-windows-x86_64, r-oldrel-macos-arm64, r-oldrel-macos-x86_64, r-oldrel-windows-ix86+x86_64