CRAN Package Check Results for Package extraoperators

Last updated on 2023-12-01 07:50:04 CET.

Flavor Version Tinstall Tcheck Ttotal Status Flags
r-devel-linux-x86_64-debian-clang 0.1.1 2.64 28.96 31.60 NOTE
r-devel-linux-x86_64-debian-gcc 0.1.1 2.05 22.41 24.46 NOTE
r-devel-linux-x86_64-fedora-clang 0.1.1 39.87 NOTE
r-devel-linux-x86_64-fedora-gcc 0.1.1 48.80 NOTE
r-devel-windows-x86_64 0.1.1 4.00 46.00 50.00 NOTE
r-patched-linux-x86_64 0.1.1 2.88 27.92 30.80 NOTE
r-release-linux-x86_64 0.1.1 2.62 28.20 30.82 NOTE
r-release-macos-arm64 0.1.1 23.00 NOTE
r-release-macos-x86_64 0.1.1 36.00 NOTE
r-release-windows-x86_64 0.1.1 4.00 47.00 51.00 NOTE
r-oldrel-macos-arm64 0.1.1 18.00 NOTE
r-oldrel-macos-x86_64 0.1.1 26.00 NOTE
r-oldrel-windows-x86_64 0.1.1 4.00 48.00 52.00 NOTE

Check Details

Version: 0.1.1
Check: LazyData
Result: NOTE 'LazyData' is specified without a 'data' directory Flavors: r-devel-linux-x86_64-debian-clang, r-devel-linux-x86_64-debian-gcc, r-devel-linux-x86_64-fedora-clang, r-devel-linux-x86_64-fedora-gcc, r-devel-windows-x86_64, r-patched-linux-x86_64, r-release-linux-x86_64, r-release-macos-arm64, r-release-macos-x86_64, r-release-windows-x86_64, r-oldrel-macos-arm64, r-oldrel-macos-x86_64, r-oldrel-windows-x86_64