CRAN Package Check Results for Package expandFunctions

Last updated on 2024-05-21 08:56:16 CEST.

Flavor Version Tinstall Tcheck Ttotal Status Flags
r-devel-linux-x86_64-debian-clang 0.1.0 2.91 37.86 40.77 NOTE
r-devel-linux-x86_64-debian-gcc 0.1.0 2.44 28.40 30.84 NOTE
r-devel-linux-x86_64-fedora-clang 0.1.0 52.42 NOTE
r-devel-linux-x86_64-fedora-gcc 0.1.0 47.72 NOTE
r-devel-windows-x86_64 0.1.0 3.00 54.00 57.00 NOTE
r-patched-linux-x86_64 0.1.0 2.98 36.05 39.03 NOTE
r-release-linux-x86_64 0.1.0 3.23 34.91 38.14 NOTE
r-release-macos-arm64 0.1.0 20.00 NOTE
r-release-windows-x86_64 0.1.0 4.00 54.00 58.00 NOTE
r-oldrel-macos-arm64 0.1.0 29.00 NOTE
r-oldrel-macos-x86_64 0.1.0 27.00 NOTE
r-oldrel-windows-x86_64 0.1.0 4.00 59.00 63.00 NOTE

Check Details

Version: 0.1.0
Check: LazyData
Result: NOTE 'LazyData' is specified without a 'data' directory Flavors: r-devel-linux-x86_64-debian-clang, r-devel-linux-x86_64-debian-gcc, r-devel-linux-x86_64-fedora-clang, r-devel-linux-x86_64-fedora-gcc, r-devel-windows-x86_64, r-patched-linux-x86_64, r-release-linux-x86_64, r-release-macos-arm64, r-release-windows-x86_64, r-oldrel-macos-arm64, r-oldrel-macos-x86_64, r-oldrel-windows-x86_64

Version: 0.1.0
Check: dependencies in R code
Result: NOTE Namespace in Imports field not imported from: ‘polynom’ All declared Imports should be used. Flavors: r-devel-linux-x86_64-fedora-clang, r-devel-linux-x86_64-fedora-gcc

Version: 0.1.0
Check: Rd cross-references
Result: NOTE Undeclared packages ‘tseriesChaos’, ‘rSFA’ in Rd xrefs Flavor: r-devel-linux-x86_64-fedora-clang