CRAN Package Check Results for Package expandFunctions

Last updated on 2022-09-28 06:54:06 CEST.

Flavor Version Tinstall Tcheck Ttotal Status Flags
r-devel-linux-x86_64-debian-clang 0.1.0 2.82 37.22 40.04 NOTE
r-devel-linux-x86_64-debian-gcc 0.1.0 2.21 29.09 31.30 NOTE
r-devel-linux-x86_64-fedora-clang 0.1.0 63.83 NOTE
r-devel-linux-x86_64-fedora-gcc 0.1.0 63.66 NOTE
r-devel-windows-x86_64 0.1.0 42.00 69.00 111.00 NOTE
r-patched-linux-x86_64 0.1.0 3.14 35.30 38.44 NOTE
r-release-linux-x86_64 0.1.0 2.75 35.66 38.41 NOTE
r-release-macos-arm64 0.1.0 19.00 NOTE
r-release-macos-x86_64 0.1.0 28.00 NOTE
r-release-windows-x86_64 0.1.0 30.00 72.00 102.00 NOTE
r-oldrel-macos-arm64 0.1.0 25.00 NOTE
r-oldrel-macos-x86_64 0.1.0 28.00 NOTE
r-oldrel-windows-ix86+x86_64 0.1.0 7.00 72.00 79.00 NOTE

Check Details

Version: 0.1.0
Check: LazyData
Result: NOTE
     'LazyData' is specified without a 'data' directory
Flavors: r-devel-linux-x86_64-debian-clang, r-devel-linux-x86_64-debian-gcc, r-devel-linux-x86_64-fedora-clang, r-devel-linux-x86_64-fedora-gcc, r-devel-windows-x86_64, r-patched-linux-x86_64, r-release-linux-x86_64, r-release-macos-arm64, r-release-macos-x86_64, r-release-windows-x86_64, r-oldrel-macos-arm64, r-oldrel-macos-x86_64, r-oldrel-windows-ix86+x86_64

Version: 0.1.0
Check: dependencies in R code
Result: NOTE
    Namespace in Imports field not imported from: ‘polynom’
     All declared Imports should be used.
Flavors: r-devel-linux-x86_64-fedora-clang, r-devel-linux-x86_64-fedora-gcc, r-release-macos-arm64, r-release-macos-x86_64, r-oldrel-macos-arm64, r-oldrel-macos-x86_64

Version: 0.1.0
Check: Rd cross-references
Result: NOTE
    Undeclared packages ‘tseriesChaos’, ‘rSFA’ in Rd xrefs
Flavor: r-devel-linux-x86_64-fedora-clang