CRAN Package Check Results for Package expandFunctions

Last updated on 2023-02-06 06:51:53 CET.

Flavor Version Tinstall Tcheck Ttotal Status Flags
r-devel-linux-x86_64-debian-clang 0.1.0 3.43 36.59 40.02 NOTE
r-devel-linux-x86_64-debian-gcc 0.1.0 1.56 28.41 29.97 NOTE
r-devel-linux-x86_64-fedora-clang 0.1.0 50.37 NOTE
r-devel-linux-x86_64-fedora-gcc 0.1.0 48.69 NOTE
r-devel-windows-x86_64 0.1.0 51.00 75.00 126.00 NOTE
r-patched-linux-x86_64 0.1.0 3.02 35.78 38.80 NOTE
r-release-linux-x86_64 0.1.0 2.77 36.08 38.85 NOTE
r-release-macos-arm64 0.1.0 19.00 NOTE
r-release-macos-x86_64 0.1.0 28.00 NOTE
r-release-windows-x86_64 0.1.0 50.00 74.00 124.00 NOTE
r-oldrel-macos-arm64 0.1.0 25.00 NOTE
r-oldrel-macos-x86_64 0.1.0 28.00 NOTE
r-oldrel-windows-ix86+x86_64 0.1.0 8.00 65.00 73.00 NOTE

Check Details

Version: 0.1.0
Check: LazyData
Result: NOTE
     'LazyData' is specified without a 'data' directory
Flavors: r-devel-linux-x86_64-debian-clang, r-devel-linux-x86_64-debian-gcc, r-devel-linux-x86_64-fedora-clang, r-devel-linux-x86_64-fedora-gcc, r-devel-windows-x86_64, r-patched-linux-x86_64, r-release-linux-x86_64, r-release-macos-arm64, r-release-macos-x86_64, r-release-windows-x86_64, r-oldrel-macos-arm64, r-oldrel-macos-x86_64, r-oldrel-windows-ix86+x86_64

Version: 0.1.0
Check: dependencies in R code
Result: NOTE
    Namespace in Imports field not imported from: ‘polynom’
     All declared Imports should be used.
Flavors: r-devel-linux-x86_64-fedora-clang, r-devel-linux-x86_64-fedora-gcc, r-release-macos-arm64, r-release-macos-x86_64, r-oldrel-macos-arm64, r-oldrel-macos-x86_64

Version: 0.1.0
Check: Rd cross-references
Result: NOTE
    Undeclared packages ‘tseriesChaos’, ‘rSFA’ in Rd xrefs
Flavor: r-devel-linux-x86_64-fedora-clang