CRAN Package Check Results for Package exif

Last updated on 2022-09-28 06:54:06 CEST.

Flavor Version Tinstall Tcheck Ttotal Status Flags
r-devel-linux-x86_64-debian-clang 0.1.0 23.79 28.69 52.48 OK
r-devel-linux-x86_64-debian-gcc 0.1.0 17.77 22.48 40.25 OK
r-devel-linux-x86_64-fedora-clang 0.1.0 83.50 NOTE
r-devel-linux-x86_64-fedora-gcc 0.1.0 78.70 NOTE
r-patched-linux-x86_64 0.1.0 16.24 27.98 44.22 OK
r-release-linux-x86_64 0.1.0 19.11 27.41 46.52 OK
r-release-macos-arm64 0.1.0 22.00 OK
r-release-macos-x86_64 0.1.0 32.00 OK
r-oldrel-macos-arm64 0.1.0 28.00 OK
r-oldrel-macos-x86_64 0.1.0 42.00 OK

Check Details

Version: 0.1.0
Check: compiled code
Result: NOTE
    File ‘exif/libs/exif.so’:
     Found no calls to: ‘R_registerRoutines’, ‘R_useDynamicSymbols’
    
    It is good practice to register native routines and to disable symbol
    search.
    
    See ‘Writing portable packages’ in the ‘Writing R Extensions’ manual.
Flavors: r-devel-linux-x86_64-fedora-clang, r-devel-linux-x86_64-fedora-gcc