Last updated on 2023-01-29 07:56:01 CET.
Flavor | Version | Tinstall | Tcheck | Ttotal | Status | Flags |
---|---|---|---|---|---|---|
r-devel-linux-x86_64-debian-clang | 1.2.1 | 40.16 | 116.70 | 156.86 | OK | |
r-devel-linux-x86_64-debian-gcc | 1.2.1 | 31.84 | 84.54 | 116.38 | NOTE | |
r-devel-linux-x86_64-fedora-clang | 1.2.1 | 212.71 | OK | |||
r-devel-linux-x86_64-fedora-gcc | 1.2.1 | 215.49 | NOTE | |||
r-devel-windows-x86_64 | 1.2.1 | 65.00 | 185.00 | 250.00 | NOTE | |
r-patched-linux-x86_64 | 1.2.1 | 34.89 | 107.73 | 142.62 | OK | |
r-release-linux-x86_64 | 1.2.1 | 34.10 | 107.20 | 141.30 | OK | |
r-release-macos-arm64 | 1.2.1 | 52.00 | OK | |||
r-release-macos-x86_64 | 1.2.1 | 75.00 | OK | |||
r-release-windows-x86_64 | 1.2.1 | 55.00 | 171.00 | 226.00 | OK | |
r-oldrel-macos-arm64 | 1.2.1 | 55.00 | OK | |||
r-oldrel-macos-x86_64 | 1.2.1 | 80.00 | OK | |||
r-oldrel-windows-ix86+x86_64 | 1.2.1 | 96.00 | 219.00 | 315.00 | OK |
Version: 1.2.1
Check: C++ specification
Result: NOTE
Specified C++11: please update to current default of C++17
Flavors: r-devel-linux-x86_64-debian-gcc, r-devel-linux-x86_64-fedora-gcc, r-devel-windows-x86_64