CRAN Package Check Results for Package exceedProb

Last updated on 2023-02-06 06:51:53 CET.

Flavor Version Tinstall Tcheck Ttotal Status Flags
r-devel-linux-x86_64-debian-clang 0.0.1 31.51 27.43 58.94 NOTE
r-devel-linux-x86_64-debian-gcc 0.0.1 23.71 20.85 44.56 NOTE
r-devel-linux-x86_64-fedora-clang 0.0.1 85.23 NOTE
r-devel-linux-x86_64-fedora-gcc 0.0.1 76.76 NOTE
r-devel-windows-x86_64 0.0.1 32.00 74.00 106.00 NOTE
r-patched-linux-x86_64 0.0.1 24.13 27.24 51.37 NOTE
r-release-linux-x86_64 0.0.1 26.25 27.38 53.63 NOTE
r-release-macos-arm64 0.0.1 24.00 NOTE
r-release-macos-x86_64 0.0.1 33.00 NOTE
r-release-windows-x86_64 0.0.1 38.00 79.00 117.00 NOTE
r-oldrel-macos-arm64 0.0.1 30.00 NOTE
r-oldrel-macos-x86_64 0.0.1 48.00 NOTE
r-oldrel-windows-ix86+x86_64 0.0.1 78.00 78.00 156.00 NOTE

Check Details

Version: 0.0.1
Check: LazyData
Result: NOTE
     'LazyData' is specified without a 'data' directory
Flavors: r-devel-linux-x86_64-debian-clang, r-devel-linux-x86_64-debian-gcc, r-devel-linux-x86_64-fedora-clang, r-devel-linux-x86_64-fedora-gcc, r-devel-windows-x86_64, r-patched-linux-x86_64, r-release-linux-x86_64, r-release-macos-arm64, r-release-macos-x86_64, r-release-windows-x86_64, r-oldrel-macos-arm64, r-oldrel-macos-x86_64, r-oldrel-windows-ix86+x86_64

Version: 0.0.1
Check: C++ specification
Result: NOTE
     Specified C++11: please update to current default of C++17
Flavor: r-devel-windows-x86_64