Last updated on 2023-02-03 06:50:15 CET.
Flavor | Version | Tinstall | Tcheck | Ttotal | Status | Flags |
---|---|---|---|---|---|---|
r-devel-linux-x86_64-debian-clang | 2.1.0 | 3.67 | 63.59 | 67.26 | NOTE | |
r-devel-linux-x86_64-debian-gcc | 2.1.0 | 2.11 | 48.38 | 50.49 | NOTE | |
r-devel-linux-x86_64-fedora-clang | 2.1.0 | 82.96 | NOTE | |||
r-devel-linux-x86_64-fedora-gcc | 2.1.0 | 80.55 | NOTE | |||
r-patched-linux-x86_64 | 2.1.0 | 3.59 | 61.87 | 65.46 | OK | |
r-release-linux-x86_64 | 2.1.0 | 2.41 | 61.23 | 63.64 | OK | |
r-release-macos-arm64 | 2.1.0 | 32.00 | OK | |||
r-release-macos-x86_64 | 2.1.0 | 39.00 | OK | |||
r-release-windows-x86_64 | 2.1.0 | 17.00 | 98.00 | 115.00 | OK | |
r-oldrel-macos-arm64 | 2.1.0 | 35.00 | OK | |||
r-oldrel-macos-x86_64 | 2.1.0 | 54.00 | OK | |||
r-oldrel-windows-ix86+x86_64 | 2.1.0 | 8.00 | 87.00 | 95.00 | OK |
Version: 2.1.0
Check: Rd files
Result: NOTE
checkRd: (-1) calculateGLR.Rd:43: Escaped LaTeX specials: \&
Flavors: r-devel-linux-x86_64-debian-clang, r-devel-linux-x86_64-debian-gcc, r-devel-linux-x86_64-fedora-clang, r-devel-linux-x86_64-fedora-gcc