Last updated on 2023-02-03 06:50:15 CET.
Flavor | Version | Tinstall | Tcheck | Ttotal | Status | Flags |
---|---|---|---|---|---|---|
r-devel-linux-x86_64-debian-clang | 3.7.10 | 10.24 | 100.08 | 110.32 | OK | |
r-devel-linux-x86_64-debian-gcc | 3.7.10 | 8.21 | 72.76 | 80.97 | OK | |
r-devel-linux-x86_64-fedora-clang | 3.7.10 | 138.56 | NOTE | |||
r-devel-linux-x86_64-fedora-gcc | 3.7.10 | 149.42 | NOTE | |||
r-devel-windows-x86_64 | 3.7.10 | 56.00 | 149.00 | 205.00 | OK | |
r-patched-linux-x86_64 | 3.7.10 | 10.26 | 94.18 | 104.44 | OK | |
r-release-linux-x86_64 | 3.7.10 | 9.32 | 97.50 | 106.82 | OK | |
r-release-macos-arm64 | 3.7.10 | 66.00 | NOTE | |||
r-release-macos-x86_64 | 3.7.10 | 95.00 | NOTE | |||
r-release-windows-x86_64 | 3.7.10 | 41.00 | 158.00 | 199.00 | OK | |
r-oldrel-macos-arm64 | 3.7.10 | 65.00 | NOTE | |||
r-oldrel-macos-x86_64 | 3.7.10 | 83.00 | NOTE | |||
r-oldrel-windows-ix86+x86_64 | 3.7.10 | 24.00 | 130.00 | 154.00 | OK |
Version: 3.7.10
Check: data for non-ASCII characters
Result: NOTE
Note: found 595 marked UTF-8 strings
Flavors: r-devel-linux-x86_64-fedora-clang, r-devel-linux-x86_64-fedora-gcc, r-release-macos-arm64, r-release-macos-x86_64, r-oldrel-macos-arm64, r-oldrel-macos-x86_64