Last updated on 2023-02-03 06:50:15 CET.
Flavor | Version | Tinstall | Tcheck | Ttotal | Status | Flags |
---|---|---|---|---|---|---|
r-devel-linux-x86_64-debian-clang | 7.0.0 | 152.98 | 98.21 | 251.19 | NOTE | |
r-devel-linux-x86_64-debian-gcc | 7.0.0 | 110.48 | 71.71 | 182.19 | NOTE | |
r-devel-linux-x86_64-fedora-clang | 7.0.0 | 362.03 | NOTE | |||
r-devel-linux-x86_64-fedora-gcc | 7.0.0 | 341.50 | NOTE | |||
r-devel-windows-x86_64 | 7.0.0 | 158.00 | 167.00 | 325.00 | NOTE | |
r-patched-linux-x86_64 | 7.0.0 | 119.71 | 88.61 | 208.32 | OK | |
r-release-linux-x86_64 | 7.0.0 | 124.59 | 83.49 | 208.08 | OK | |
r-release-macos-arm64 | 7.0.0 | 95.00 | NOTE | |||
r-release-macos-x86_64 | 7.0.0 | 103.00 | NOTE | |||
r-release-windows-x86_64 | 7.0.0 | 158.00 | 161.00 | 319.00 | OK | |
r-oldrel-macos-arm64 | 7.0.0 | 88.00 | NOTE | |||
r-oldrel-macos-x86_64 | 7.0.0 | 111.00 | NOTE | |||
r-oldrel-windows-ix86+x86_64 | 7.0.0 | 372.00 | 172.00 | 544.00 | OK |
Version: 7.0.0
Check: C++ specification
Result: NOTE
Specified C++14: please update to current default of C++17
Flavors: r-devel-linux-x86_64-debian-clang, r-devel-linux-x86_64-debian-gcc, r-devel-linux-x86_64-fedora-clang, r-devel-linux-x86_64-fedora-gcc, r-devel-windows-x86_64
Version: 7.0.0
Check: installed package size
Result: NOTE
installed size is 6.1Mb
sub-directories of 1Mb or more:
doc 1.3Mb
libs 3.9Mb
Flavors: r-release-macos-arm64, r-release-macos-x86_64, r-oldrel-macos-arm64, r-oldrel-macos-x86_64