CRAN Package Check Results for Package eulerr

Last updated on 2024-03-02 06:51:52 CET.

Flavor Version Tinstall Tcheck Ttotal Status Flags
r-devel-linux-x86_64-debian-clang 7.0.1 157.53 97.46 254.99 OK
r-devel-linux-x86_64-debian-gcc 7.0.1 118.15 72.99 191.14 OK
r-devel-linux-x86_64-fedora-clang 7.0.1 396.53 OK
r-devel-linux-x86_64-fedora-gcc 7.0.1 372.59 OK
r-devel-windows-x86_64 7.0.1 121.00 121.00 242.00 OK
r-patched-linux-x86_64 7.0.1 158.58 93.99 252.57 OK
r-release-linux-x86_64 7.0.1 160.62 94.07 254.69 OK
r-release-macos-arm64 7.0.1 82.00 NOTE
r-release-macos-x86_64 7.0.1 152.00 NOTE
r-release-windows-x86_64 7.0.1 122.00 140.00 262.00 OK
r-oldrel-macos-arm64 7.0.1 79.00 NOTE
r-oldrel-windows-x86_64 7.0.1 146.00 130.00 276.00 OK

Check Details

Version: 7.0.1
Check: installed package size
Result: NOTE installed size is 5.7Mb sub-directories of 1Mb or more: doc 1.3Mb libs 3.6Mb Flavors: r-release-macos-arm64, r-release-macos-x86_64, r-oldrel-macos-arm64