CRAN Package Check Results for Package ess

Last updated on 2023-09-21 07:54:52 CEST.

Flavor Version Tinstall Tcheck Ttotal Status Flags
r-devel-linux-x86_64-debian-clang 1.1.2 43.53 56.34 99.87 NOTE
r-devel-linux-x86_64-debian-gcc 1.1.2 29.10 42.65 71.75 NOTE
r-devel-linux-x86_64-fedora-clang 1.1.2 135.86 NOTE
r-devel-linux-x86_64-fedora-gcc 1.1.2 131.31 NOTE
r-devel-windows-x86_64 1.1.2 34.00 81.00 115.00 NOTE
r-patched-linux-x86_64 1.1.2 43.26 54.10 97.36 NOTE
r-release-linux-x86_64 1.1.2 47.92 55.29 103.21 NOTE
r-release-macos-arm64 1.1.2 38.00 NOTE
r-release-macos-x86_64 1.1.2 58.00 NOTE
r-release-windows-x86_64 1.1.2 42.00 90.00 132.00 NOTE
r-oldrel-macos-arm64 1.1.2 39.00 OK
r-oldrel-macos-x86_64 1.1.2 46.00 OK
r-oldrel-windows-x86_64 1.1.2 42.00 89.00 131.00 OK

Check Details

Version: 1.1.2
Check: C++ specification
Result: NOTE
     Specified C++11: please drop specification unless essential
Flavors: r-devel-linux-x86_64-debian-clang, r-devel-linux-x86_64-debian-gcc, r-devel-linux-x86_64-fedora-clang, r-devel-linux-x86_64-fedora-gcc, r-devel-windows-x86_64, r-patched-linux-x86_64, r-release-linux-x86_64, r-release-macos-arm64, r-release-macos-x86_64, r-release-windows-x86_64