Last updated on 2023-01-27 07:50:31 CET.
Flavor | Version | Tinstall | Tcheck | Ttotal | Status | Flags |
---|---|---|---|---|---|---|
r-devel-linux-x86_64-debian-clang | 1.1.2 | 42.05 | 55.30 | 97.35 | OK | |
r-devel-linux-x86_64-debian-gcc | 1.1.2 | 31.05 | 41.81 | 72.86 | NOTE | |
r-devel-linux-x86_64-fedora-clang | 1.1.2 | 140.76 | OK | |||
r-devel-linux-x86_64-fedora-gcc | 1.1.2 | 129.56 | NOTE | |||
r-devel-windows-x86_64 | 1.1.2 | 79.00 | 100.00 | 179.00 | OK | |
r-patched-linux-x86_64 | 1.1.2 | 30.18 | 54.27 | 84.45 | OK | |
r-release-linux-x86_64 | 1.1.2 | 38.91 | 54.79 | 93.70 | OK | |
r-release-macos-arm64 | 1.1.2 | 36.00 | OK | |||
r-release-macos-x86_64 | 1.1.2 | 46.00 | OK | |||
r-release-windows-x86_64 | 1.1.2 | 46.00 | 103.00 | 149.00 | OK | |
r-oldrel-macos-arm64 | 1.1.2 | 46.00 | OK | |||
r-oldrel-macos-x86_64 | 1.1.2 | 54.00 | OK | |||
r-oldrel-windows-ix86+x86_64 | 1.1.2 | 98.00 | 115.00 | 213.00 | OK |
Version: 1.1.2
Check: C++ specification
Result: NOTE
Specified C++11: please update to current default of C++17
Flavors: r-devel-linux-x86_64-debian-gcc, r-devel-linux-x86_64-fedora-gcc