Last updated on 2023-01-30 09:54:10 CET.
Flavor | Version | Tinstall | Tcheck | Ttotal | Status | Flags |
---|---|---|---|---|---|---|
r-devel-linux-x86_64-debian-clang | 0.0.3 | 33.02 | 300.26 | 333.28 | NOTE | |
r-devel-linux-x86_64-debian-gcc | 0.0.3 | 22.44 | 220.75 | 243.19 | NOTE | |
r-devel-linux-x86_64-fedora-clang | 0.0.3 | 397.54 | NOTE | |||
r-devel-linux-x86_64-fedora-gcc | 0.0.3 | 409.08 | NOTE | |||
r-devel-windows-x86_64 | 0.0.3 | 30.00 | 316.00 | 346.00 | NOTE | |
r-patched-linux-x86_64 | 0.0.3 | 33.86 | 284.70 | 318.56 | NOTE | |
r-release-linux-x86_64 | 0.0.3 | 31.44 | 295.32 | 326.76 | NOTE | |
r-release-macos-arm64 | 0.0.3 | 78.00 | NOTE | |||
r-release-macos-x86_64 | 0.0.3 | 161.00 | NOTE | |||
r-release-windows-x86_64 | 0.0.3 | 32.00 | 309.00 | 341.00 | NOTE | |
r-oldrel-macos-arm64 | 0.0.3 | 51.00 | NOTE | |||
r-oldrel-macos-x86_64 | 0.0.3 | 68.00 | NOTE | |||
r-oldrel-windows-ix86+x86_64 | 0.0.3 | 68.00 | 284.00 | 352.00 | NOTE |
Version: 0.0.3
Check: LazyData
Result: NOTE
'LazyData' is specified without a 'data' directory
Flavors: r-devel-linux-x86_64-debian-clang, r-devel-linux-x86_64-debian-gcc, r-devel-linux-x86_64-fedora-clang, r-devel-linux-x86_64-fedora-gcc, r-devel-windows-x86_64, r-patched-linux-x86_64, r-release-linux-x86_64, r-release-macos-arm64, r-release-macos-x86_64, r-release-windows-x86_64, r-oldrel-macos-arm64, r-oldrel-macos-x86_64, r-oldrel-windows-ix86+x86_64