CRAN Package Check Results for Package errorist

Last updated on 2023-02-07 07:53:58 CET.

Flavor Version Tinstall Tcheck Ttotal Status Flags
r-devel-linux-x86_64-debian-clang 0.1.0 2.19 25.79 27.98 NOTE
r-devel-linux-x86_64-debian-gcc 0.1.0 1.56 19.74 21.30 NOTE
r-devel-linux-x86_64-fedora-clang 0.1.0 35.14 NOTE
r-devel-linux-x86_64-fedora-gcc 0.1.0 44.51 NOTE
r-devel-windows-x86_64 0.1.0 15.00 55.00 70.00 NOTE
r-patched-linux-x86_64 0.1.0 4.18 25.63 29.81 NOTE
r-release-linux-x86_64 0.1.0 1.82 25.84 27.66 NOTE
r-release-macos-arm64 0.1.0 17.00 NOTE
r-release-macos-x86_64 0.1.0 22.00 NOTE
r-release-windows-x86_64 0.1.0 17.00 61.00 78.00 NOTE
r-oldrel-macos-arm64 0.1.0 26.00 NOTE
r-oldrel-macos-x86_64 0.1.0 26.00 NOTE
r-oldrel-windows-ix86+x86_64 0.1.0 5.00 49.00 54.00 NOTE

Check Details

Version: 0.1.0
Check: LazyData
Result: NOTE
     'LazyData' is specified without a 'data' directory
Flavors: r-devel-linux-x86_64-debian-clang, r-devel-linux-x86_64-debian-gcc, r-devel-linux-x86_64-fedora-clang, r-devel-linux-x86_64-fedora-gcc, r-devel-windows-x86_64, r-patched-linux-x86_64, r-release-linux-x86_64, r-release-macos-arm64, r-release-macos-x86_64, r-release-windows-x86_64, r-oldrel-macos-arm64, r-oldrel-macos-x86_64, r-oldrel-windows-ix86+x86_64