CRAN Package Check Results for Package errint

Last updated on 2023-10-01 08:51:58 CEST.

Flavor Version Tinstall Tcheck Ttotal Status Flags
r-devel-linux-x86_64-debian-clang 1.0 4.12 54.91 59.03 NOTE
r-devel-linux-x86_64-debian-gcc 1.0 3.37 41.51 44.88 NOTE
r-devel-linux-x86_64-fedora-clang 1.0 72.37 NOTE
r-devel-linux-x86_64-fedora-gcc 1.0 72.98 NOTE
r-devel-windows-x86_64 1.0 4.00 67.00 71.00 NOTE
r-patched-linux-x86_64 1.0 6.24 53.96 60.20 NOTE
r-release-linux-x86_64 1.0 4.65 53.69 58.34 NOTE
r-release-macos-arm64 1.0 25.00 NOTE
r-release-macos-x86_64 1.0 42.00 NOTE
r-release-windows-x86_64 1.0 4.00 70.00 74.00 NOTE
r-oldrel-macos-arm64 1.0 23.00 NOTE
r-oldrel-macos-x86_64 1.0 32.00 NOTE
r-oldrel-windows-x86_64 1.0 6.00 72.00 78.00 NOTE

Check Details

Version: 1.0
Check: Rd \usage sections
Result: NOTE
    S3 methods shown with full name in documentation object 'summary.error_interval':
     ‘summary.error_interval’
    
    S3 methods shown with full name in documentation object 'summary.measure':
     ‘summary.measure’
    
    The \usage entries for S3 methods should use the \method markup and not
    their full name.
    See chapter ‘Writing R documentation files’ in the ‘Writing R
    Extensions’ manual.
Flavors: r-devel-linux-x86_64-debian-clang, r-devel-linux-x86_64-debian-gcc, r-devel-linux-x86_64-fedora-clang, r-devel-linux-x86_64-fedora-gcc, r-devel-windows-x86_64, r-patched-linux-x86_64, r-release-linux-x86_64, r-release-macos-arm64, r-release-macos-x86_64, r-release-windows-x86_64

Version: 1.0
Check: LazyData
Result: NOTE
     'LazyData' is specified without a 'data' directory
Flavors: r-devel-linux-x86_64-debian-clang, r-devel-linux-x86_64-debian-gcc, r-devel-linux-x86_64-fedora-clang, r-devel-linux-x86_64-fedora-gcc, r-devel-windows-x86_64, r-patched-linux-x86_64, r-release-linux-x86_64, r-release-macos-arm64, r-release-macos-x86_64, r-release-windows-x86_64, r-oldrel-macos-arm64, r-oldrel-macos-x86_64, r-oldrel-windows-x86_64