Last updated on 2023-01-27 07:50:31 CET.
Flavor | Version | Tinstall | Tcheck | Ttotal | Status | Flags |
---|---|---|---|---|---|---|
r-devel-linux-x86_64-debian-clang | 0.2.6-1.1 | 10.04 | 75.58 | 85.62 | OK | |
r-devel-linux-x86_64-debian-gcc | 0.2.6-1.1 | 6.95 | 58.40 | 65.35 | OK | |
r-devel-linux-x86_64-fedora-clang | 0.2.6-1.1 | 105.64 | OK | |||
r-devel-linux-x86_64-fedora-gcc | 0.2.6-1.1 | 105.26 | OK | |||
r-devel-windows-x86_64 | 0.2.6-1.1 | 12.00 | 97.00 | 109.00 | OK | |
r-patched-linux-x86_64 | 0.2.6-1.1 | 13.17 | 74.28 | 87.45 | OK | |
r-release-linux-x86_64 | 0.2.6-1.1 | 8.23 | 73.37 | 81.60 | OK | |
r-release-macos-arm64 | 0.2.6-1.1 | 31.00 | NOTE | |||
r-release-macos-x86_64 | 0.2.6-1.1 | 45.00 | OK | |||
r-release-windows-x86_64 | 0.2.6-1.1 | 21.00 | 99.00 | 120.00 | OK | |
r-oldrel-macos-arm64 | 0.2.6-1.1 | 37.00 | OK | |||
r-oldrel-macos-x86_64 | 0.2.6-1.1 | 61.00 | OK | |||
r-oldrel-windows-ix86+x86_64 | 0.2.6-1.1 | 20.00 | 97.00 | 117.00 | OK |
Version: 0.2.6-1.1
Check: package dependencies
Result: NOTE
Package suggested but not available for checking: ‘graph’
Flavor: r-release-macos-arm64