CRAN Package Check Results for Package epitab

Last updated on 2023-01-29 07:56:01 CET.

Flavor Version Tinstall Tcheck Ttotal Status Flags
r-devel-linux-x86_64-debian-clang 0.2.2 2.80 36.14 38.94 NOTE
r-devel-linux-x86_64-debian-gcc 0.2.2 2.47 27.93 30.40 NOTE
r-devel-linux-x86_64-fedora-clang 0.2.2 48.76 NOTE
r-devel-linux-x86_64-fedora-gcc 0.2.2 59.94 NOTE
r-devel-windows-x86_64 0.2.2 15.00 71.00 86.00 NOTE
r-patched-linux-x86_64 0.2.2 2.49 36.06 38.55 NOTE
r-release-linux-x86_64 0.2.2 3.05 36.61 39.66 NOTE
r-release-macos-arm64 0.2.2 21.00 NOTE
r-release-macos-x86_64 0.2.2 36.00 NOTE
r-release-windows-x86_64 0.2.2 9.00 67.00 76.00 NOTE
r-oldrel-macos-arm64 0.2.2 25.00 NOTE
r-oldrel-macos-x86_64 0.2.2 31.00 NOTE
r-oldrel-windows-ix86+x86_64 0.2.2 9.00 63.00 72.00 NOTE

Check Details

Version: 0.2.2
Check: LazyData
Result: NOTE
     'LazyData' is specified without a 'data' directory
Flavors: r-devel-linux-x86_64-debian-clang, r-devel-linux-x86_64-debian-gcc, r-devel-linux-x86_64-fedora-clang, r-devel-linux-x86_64-fedora-gcc, r-devel-windows-x86_64, r-patched-linux-x86_64, r-release-linux-x86_64, r-release-macos-arm64, r-release-macos-x86_64, r-release-windows-x86_64, r-oldrel-macos-arm64, r-oldrel-macos-x86_64, r-oldrel-windows-ix86+x86_64