CRAN Package Check Results for Package epifitter

Last updated on 2023-01-30 09:54:10 CET.

Flavor Version Tinstall Tcheck Ttotal Status Flags
r-devel-linux-x86_64-debian-clang 0.3.0 3.44 83.17 86.61 OK
r-devel-linux-x86_64-debian-gcc 0.3.0 2.89 60.75 63.64 OK
r-devel-linux-x86_64-fedora-clang 0.3.0 104.18 NOTE
r-devel-linux-x86_64-fedora-gcc 0.3.0 123.01 NOTE
r-devel-windows-x86_64 0.3.0 26.00 127.00 153.00 OK
r-patched-linux-x86_64 0.3.0 3.37 77.96 81.33 OK
r-release-linux-x86_64 0.3.0 2.84 74.04 76.88 OK
r-release-macos-arm64 0.3.0 39.00 NOTE
r-release-macos-x86_64 0.3.0 68.00 NOTE
r-release-windows-x86_64 0.3.0 25.00 128.00 153.00 OK
r-oldrel-macos-arm64 0.3.0 50.00 NOTE
r-oldrel-macos-x86_64 0.3.0 46.00 NOTE
r-oldrel-windows-ix86+x86_64 0.3.0 9.00 107.00 116.00 OK

Check Details

Version: 0.3.0
Check: dependencies in R code
Result: NOTE
    Namespace in Imports field not imported from: ‘knitr’
     All declared Imports should be used.
Flavors: r-devel-linux-x86_64-fedora-clang, r-devel-linux-x86_64-fedora-gcc, r-release-macos-arm64, r-release-macos-x86_64, r-oldrel-macos-arm64, r-oldrel-macos-x86_64