Last updated on 2023-02-02 06:54:48 CET.
Flavor | Version | Tinstall | Tcheck | Ttotal | Status | Flags |
---|---|---|---|---|---|---|
r-devel-linux-x86_64-debian-clang | 3.5.0.2 | 18.66 | 137.08 | 155.74 | NOTE | |
r-devel-linux-x86_64-debian-gcc | 3.5.0.2 | 14.38 | 99.83 | 114.21 | NOTE | |
r-devel-linux-x86_64-fedora-clang | 3.5.0.2 | 189.24 | NOTE | |||
r-devel-linux-x86_64-fedora-gcc | 3.5.0.2 | 186.63 | NOTE | |||
r-patched-linux-x86_64 | 3.5.0.2 | 17.55 | 125.45 | 143.00 | OK | |
r-release-linux-x86_64 | 3.5.0.2 | 19.32 | 125.56 | 144.88 | OK | |
r-release-macos-arm64 | 3.5.0.2 | 57.00 | OK | |||
r-release-macos-x86_64 | 3.5.0.2 | 73.00 | OK | |||
r-release-windows-x86_64 | 3.5.0.2 | 71.00 | 184.00 | 255.00 | OK | |
r-oldrel-macos-arm64 | 3.5.0.2 | 47.00 | OK | |||
r-oldrel-macos-x86_64 | 3.5.0.2 | 71.00 | OK | |||
r-oldrel-windows-ix86+x86_64 | 3.5.0.2 | 33.00 | 159.00 | 192.00 | OK |
Version: 3.5.0.2
Check: Rd files
Result: NOTE
checkRd: (-1) risk.display.rd:98: Escaped LaTeX specials: \$
Flavors: r-devel-linux-x86_64-debian-clang, r-devel-linux-x86_64-debian-gcc, r-devel-linux-x86_64-fedora-clang, r-devel-linux-x86_64-fedora-gcc