Last updated on 2023-05-30 08:02:17 CEST.
Flavor | Version | Tinstall | Tcheck | Ttotal | Status | Flags |
---|---|---|---|---|---|---|
r-devel-linux-x86_64-debian-clang | 0.1.17 | 43.75 | 603.76 | 647.51 | NOTE | |
r-devel-linux-x86_64-debian-gcc | 0.1.17 | 27.55 | 444.88 | 472.43 | NOTE | |
r-devel-linux-x86_64-fedora-clang | 0.1.17 | 801.04 | NOTE | |||
r-devel-linux-x86_64-fedora-gcc | 0.1.17 | 798.19 | NOTE | |||
r-devel-windows-x86_64 | 0.1.17 | 32.00 | 432.00 | 464.00 | NOTE | |
r-patched-linux-x86_64 | 0.1.17 | 46.32 | 586.29 | 632.61 | NOTE | |
r-release-linux-x86_64 | 0.1.17 | 30.86 | 579.15 | 610.01 | NOTE | |
r-release-macos-arm64 | 0.1.17 | 254.00 | NOTE | |||
r-release-macos-x86_64 | 0.1.17 | 456.00 | NOTE | |||
r-release-windows-x86_64 | 0.1.17 | 41.00 | 525.00 | 566.00 | OK | |
r-oldrel-macos-arm64 | 0.1.17 | 225.00 | OK | |||
r-oldrel-macos-x86_64 | 0.1.17 | 632.00 | OK | |||
r-oldrel-windows-x86_64 | 0.1.17 | 43.00 | 522.00 | 565.00 | OK |
Version: 0.1.17
Check: package dependencies
Result: NOTE
Package suggested but not available for checking: ‘RStoolbox’
Flavors: r-devel-linux-x86_64-debian-clang, r-devel-linux-x86_64-debian-gcc, r-devel-linux-x86_64-fedora-clang, r-devel-linux-x86_64-fedora-gcc, r-devel-windows-x86_64, r-patched-linux-x86_64, r-release-linux-x86_64, r-release-macos-arm64, r-release-macos-x86_64