CRAN Package Check Results for Package enc

Last updated on 2023-02-06 06:51:53 CET.

Flavor Version Tinstall Tcheck Ttotal Status Flags
r-devel-linux-x86_64-debian-clang 0.2.2 3.55 28.91 32.46 NOTE
r-devel-linux-x86_64-debian-gcc 0.2.2 2.51 21.93 24.44 NOTE
r-devel-linux-x86_64-fedora-clang 0.2.2 40.80 NOTE
r-devel-linux-x86_64-fedora-gcc 0.2.2 39.28 NOTE
r-devel-windows-x86_64 0.2.2 19.00 59.00 78.00 NOTE
r-patched-linux-x86_64 0.2.2 3.50 28.45 31.95 NOTE
r-release-linux-x86_64 0.2.2 2.80 29.05 31.85 NOTE
r-release-macos-arm64 0.2.2 19.00 NOTE
r-release-macos-x86_64 0.2.2 23.00 NOTE
r-release-windows-x86_64 0.2.2 23.00 60.00 83.00 NOTE
r-oldrel-macos-arm64 0.2.2 23.00 NOTE
r-oldrel-macos-x86_64 0.2.2 30.00 NOTE
r-oldrel-windows-ix86+x86_64 0.2.2 11.00 62.00 73.00 NOTE

Check Details

Version: 0.2.2
Check: LazyData
Result: NOTE
     'LazyData' is specified without a 'data' directory
Flavors: r-devel-linux-x86_64-debian-clang, r-devel-linux-x86_64-debian-gcc, r-devel-linux-x86_64-fedora-clang, r-devel-linux-x86_64-fedora-gcc, r-devel-windows-x86_64, r-patched-linux-x86_64, r-release-linux-x86_64, r-release-macos-arm64, r-release-macos-x86_64, r-release-windows-x86_64, r-oldrel-macos-arm64, r-oldrel-macos-x86_64, r-oldrel-windows-ix86+x86_64