CRAN Package Check Results for Package embryogrowth

Last updated on 2023-01-26 07:53:50 CET.

Flavor Version Tinstall Tcheck Ttotal Status Flags
r-devel-linux-x86_64-debian-clang 8.7 28.25 154.99 183.24 OK
r-devel-linux-x86_64-debian-gcc 8.7 19.91 114.87 134.78 OK
r-devel-linux-x86_64-fedora-clang 8.7 221.48 NOTE
r-devel-linux-x86_64-fedora-gcc 8.7 218.34 NOTE
r-devel-windows-x86_64 8.7 47.00 200.00 247.00 OK
r-patched-linux-x86_64 8.7 25.98 141.81 167.79 OK
r-release-linux-x86_64 8.7 22.73 145.87 168.60 OK
r-release-macos-arm64 8.7 108.00 NOTE
r-release-macos-x86_64 8.7 137.00 NOTE
r-release-windows-x86_64 8.7 89.00 193.00 282.00 OK
r-oldrel-macos-arm64 8.7 105.00 NOTE
r-oldrel-macos-x86_64 8.7 137.00 NOTE
r-oldrel-windows-ix86+x86_64 8.7 47.00 177.00 224.00 OK

Check Details

Version: 8.7
Check: data for non-ASCII characters
Result: NOTE
     Note: found 155 marked UTF-8 strings
Flavors: r-devel-linux-x86_64-fedora-clang, r-devel-linux-x86_64-fedora-gcc, r-release-macos-arm64, r-release-macos-x86_64, r-oldrel-macos-arm64, r-oldrel-macos-x86_64