Last updated on 2023-01-27 07:50:31 CET.
Flavor | Version | Tinstall | Tcheck | Ttotal | Status | Flags |
---|---|---|---|---|---|---|
r-devel-linux-x86_64-debian-clang | 0.0.13 | 1053.73 | 53.59 | 1107.32 | OK | |
r-devel-linux-x86_64-debian-gcc | 0.0.13 | 836.79 | 41.60 | 878.39 | OK | |
r-devel-linux-x86_64-fedora-clang | 0.0.13 | 1896.74 | OK | |||
r-devel-linux-x86_64-fedora-gcc | 0.0.13 | 1463.38 | OK | |||
r-devel-windows-x86_64 | 0.0.13 | 887.00 | 122.00 | 1009.00 | OK | |
r-patched-linux-x86_64 | 0.0.13 | 876.28 | 51.88 | 928.16 | OK | |
r-release-linux-x86_64 | 0.0.13 | 869.69 | 52.72 | 922.41 | OK | |
r-release-macos-arm64 | 0.0.13 | 284.00 | NOTE | |||
r-release-macos-x86_64 | 0.0.13 | 383.00 | NOTE | |||
r-release-windows-x86_64 | 0.0.13 | 759.00 | 133.00 | 892.00 | OK | |
r-oldrel-macos-arm64 | 0.0.13 | 270.00 | NOTE | |||
r-oldrel-macos-x86_64 | 0.0.13 | 366.00 | NOTE | |||
r-oldrel-windows-ix86+x86_64 | 0.0.13 | 2677.00 | 143.00 | 2820.00 | NOTE |
Version: 0.0.13
Check: installed package size
Result: NOTE
installed size is 19.8Mb
sub-directories of 1Mb or more:
data 2.0Mb
libs 17.6Mb
Flavors: r-release-macos-arm64, r-release-macos-x86_64, r-oldrel-macos-arm64, r-oldrel-macos-x86_64, r-oldrel-windows-ix86+x86_64