Last updated on 2023-02-07 07:53:58 CET.
Flavor | Version | Tinstall | Tcheck | Ttotal | Status | Flags |
---|---|---|---|---|---|---|
r-devel-linux-x86_64-debian-clang | 1.0.0 | 20.96 | 28.62 | 49.58 | NOTE | |
r-devel-linux-x86_64-debian-gcc | 1.0.0 | 15.93 | 23.14 | 39.07 | NOTE | |
r-devel-linux-x86_64-fedora-clang | 1.0.0 | 73.65 | NOTE | |||
r-devel-linux-x86_64-fedora-gcc | 1.0.0 | 64.85 | NOTE | |||
r-devel-windows-x86_64 | 1.0.0 | 28.00 | 74.00 | 102.00 | NOTE | |
r-patched-linux-x86_64 | 1.0.0 | 18.88 | 28.85 | 47.73 | NOTE | |
r-release-linux-x86_64 | 1.0.0 | 19.26 | 29.61 | 48.87 | NOTE | |
r-release-macos-arm64 | 1.0.0 | 24.00 | NOTE | |||
r-release-macos-x86_64 | 1.0.0 | 32.00 | NOTE | |||
r-release-windows-x86_64 | 1.0.0 | 24.00 | 82.00 | 106.00 | NOTE | |
r-oldrel-macos-arm64 | 1.0.0 | 29.00 | NOTE | |||
r-oldrel-macos-x86_64 | 1.0.0 | 42.00 | NOTE | |||
r-oldrel-windows-ix86+x86_64 | 1.0.0 | 56.00 | 79.00 | 135.00 | NOTE |
Version: 1.0.0
Check: C++ specification
Result: NOTE
Specified C++11: please update to current default of C++17
Flavors: r-devel-linux-x86_64-debian-clang, r-devel-linux-x86_64-debian-gcc, r-devel-linux-x86_64-fedora-clang, r-devel-linux-x86_64-fedora-gcc, r-devel-windows-x86_64
Version: 1.0.0
Check: LazyData
Result: NOTE
'LazyData' is specified without a 'data' directory
Flavors: r-devel-linux-x86_64-debian-clang, r-devel-linux-x86_64-debian-gcc, r-devel-linux-x86_64-fedora-clang, r-devel-linux-x86_64-fedora-gcc, r-devel-windows-x86_64, r-patched-linux-x86_64, r-release-linux-x86_64, r-release-macos-arm64, r-release-macos-x86_64, r-release-windows-x86_64, r-oldrel-macos-arm64, r-oldrel-macos-x86_64, r-oldrel-windows-ix86+x86_64