CRAN Package Check Results for Package eirm

Last updated on 2023-02-08 07:54:27 CET.

Flavor Version Tinstall Tcheck Ttotal Status Flags
r-devel-linux-x86_64-debian-clang 0.5 15.09 138.97 154.06 OK
r-devel-linux-x86_64-debian-gcc 0.5 11.83 103.60 115.43 OK
r-devel-linux-x86_64-fedora-clang 0.5 189.92 NOTE
r-devel-linux-x86_64-fedora-gcc 0.5 192.76 OK
r-devel-windows-x86_64 0.5 18.00 172.00 190.00 OK
r-patched-linux-x86_64 0.5 13.00 135.85 148.85 OK
r-release-linux-x86_64 0.5 10.88 135.08 145.96 OK
r-release-macos-arm64 0.5 60.00 OK
r-release-macos-x86_64 0.5 93.00 OK
r-release-windows-x86_64 0.5 22.00 190.00 212.00 OK
r-oldrel-macos-arm64 0.5 54.00 OK
r-oldrel-macos-x86_64 0.5 79.00 OK
r-oldrel-windows-ix86+x86_64 0.5 32.00 172.00 204.00 OK

Check Details

Version: 0.5
Check: Rd cross-references
Result: NOTE
    Undeclared package ‘eRm’ in Rd xrefs
Flavor: r-devel-linux-x86_64-fedora-clang