CRAN Package Check Results for Package efreadr

Last updated on 2023-01-26 07:53:49 CET.

Flavor Version Tinstall Tcheck Ttotal Status Flags
r-devel-linux-x86_64-debian-clang 0.2.2 6.25 49.72 55.97 NOTE
r-devel-linux-x86_64-debian-gcc 0.2.2 4.27 37.36 41.63 NOTE
r-devel-linux-x86_64-fedora-clang 0.2.2 66.49 NOTE
r-devel-linux-x86_64-fedora-gcc 0.2.2 65.71 NOTE
r-devel-windows-x86_64 0.2.2 9.00 77.00 86.00 NOTE
r-patched-linux-x86_64 0.2.2 4.77 49.31 54.08 NOTE
r-release-linux-x86_64 0.2.2 5.34 49.05 54.39 NOTE
r-release-macos-arm64 0.2.2 22.00 NOTE
r-release-macos-x86_64 0.2.2 45.00 NOTE
r-release-windows-x86_64 0.2.2 8.00 83.00 91.00 NOTE
r-oldrel-macos-arm64 0.2.2 26.00 NOTE
r-oldrel-macos-x86_64 0.2.2 35.00 NOTE
r-oldrel-windows-ix86+x86_64 0.2.2 14.00 74.00 88.00 NOTE

Check Details

Version: 0.2.2
Check: LazyData
Result: NOTE
     'LazyData' is specified without a 'data' directory
Flavors: r-devel-linux-x86_64-debian-clang, r-devel-linux-x86_64-debian-gcc, r-devel-linux-x86_64-fedora-clang, r-devel-linux-x86_64-fedora-gcc, r-devel-windows-x86_64, r-patched-linux-x86_64, r-release-linux-x86_64, r-release-macos-arm64, r-release-macos-x86_64, r-release-windows-x86_64, r-oldrel-macos-arm64, r-oldrel-macos-x86_64, r-oldrel-windows-ix86+x86_64