Last updated on 2023-02-04 08:01:11 CET.
Flavor | Version | Tinstall | Tcheck | Ttotal | Status | Flags |
---|---|---|---|---|---|---|
r-devel-linux-x86_64-debian-clang | 1.2.0 | 84.08 | 92.18 | 176.26 | OK | |
r-devel-linux-x86_64-debian-gcc | 1.2.0 | 60.66 | 69.22 | 129.88 | OK | |
r-devel-linux-x86_64-fedora-clang | 1.2.0 | 218.43 | OK | |||
r-devel-linux-x86_64-fedora-gcc | 1.2.0 | 222.33 | OK | |||
r-devel-windows-x86_64 | 1.2.0 | 57.00 | 131.00 | 188.00 | NOTE | |
r-patched-linux-x86_64 | 1.2.0 | 65.37 | 87.61 | 152.98 | OK | |
r-release-linux-x86_64 | 1.2.0 | 68.08 | 87.98 | 156.06 | OK | |
r-release-macos-arm64 | 1.2.0 | 62.00 | NOTE | |||
r-release-macos-x86_64 | 1.2.0 | 112.00 | NOTE | |||
r-release-windows-x86_64 | 1.2.0 | 55.00 | 145.00 | 200.00 | NOTE | |
r-oldrel-macos-arm64 | 1.2.0 | 69.00 | NOTE | |||
r-oldrel-macos-x86_64 | 1.2.0 | 89.00 | NOTE | |||
r-oldrel-windows-ix86+x86_64 | 1.2.0 | 142.00 | 154.00 | 296.00 | NOTE |
Version: 1.2.0
Check: installed package size
Result: NOTE
installed size is 12.6Mb
sub-directories of 1Mb or more:
libs 12.5Mb
Flavors: r-devel-windows-x86_64, r-release-macos-arm64, r-release-macos-x86_64, r-release-windows-x86_64, r-oldrel-macos-arm64, r-oldrel-macos-x86_64, r-oldrel-windows-ix86+x86_64