Last updated on 2023-02-05 07:57:19 CET.
Flavor | Version | Tinstall | Tcheck | Ttotal | Status | Flags |
---|---|---|---|---|---|---|
r-devel-linux-x86_64-debian-clang | 0.1.0 | 5.80 | 273.73 | 279.53 | NOTE | |
r-devel-linux-x86_64-debian-gcc | 0.1.0 | 4.63 | 207.91 | 212.54 | NOTE | |
r-devel-linux-x86_64-fedora-clang | 0.1.0 | 349.00 | NOTE | |||
r-devel-linux-x86_64-fedora-gcc | 0.1.0 | 347.50 | NOTE | |||
r-devel-windows-x86_64 | 0.1.0 | 13.00 | 327.00 | 340.00 | NOTE | |
r-patched-linux-x86_64 | 0.1.0 | 6.22 | 266.30 | 272.52 | NOTE | |
r-release-linux-x86_64 | 0.1.0 | 3.92 | 269.02 | 272.94 | NOTE | |
r-release-macos-arm64 | 0.1.0 | 153.00 | NOTE | |||
r-release-macos-x86_64 | 0.1.0 | 237.00 | NOTE | |||
r-release-windows-x86_64 | 0.1.0 | 25.00 | 351.00 | 376.00 | NOTE | |
r-oldrel-macos-arm64 | 0.1.0 | 234.00 | NOTE | |||
r-oldrel-macos-x86_64 | 0.1.0 | 252.00 | NOTE | |||
r-oldrel-windows-ix86+x86_64 | 0.1.0 | 13.00 | 332.00 | 345.00 | NOTE |
Version: 0.1.0
Check: LazyData
Result: NOTE
'LazyData' is specified without a 'data' directory
Flavors: r-devel-linux-x86_64-debian-clang, r-devel-linux-x86_64-debian-gcc, r-devel-linux-x86_64-fedora-clang, r-devel-linux-x86_64-fedora-gcc, r-devel-windows-x86_64, r-patched-linux-x86_64, r-release-linux-x86_64, r-release-macos-arm64, r-release-macos-x86_64, r-release-windows-x86_64, r-oldrel-macos-arm64, r-oldrel-macos-x86_64, r-oldrel-windows-ix86+x86_64