Last updated on 2023-02-05 07:57:19 CET.
Flavor | Version | Tinstall | Tcheck | Ttotal | Status | Flags |
---|---|---|---|---|---|---|
r-devel-linux-x86_64-debian-clang | 0.1.1 | 42.88 | 56.44 | 99.32 | NOTE | |
r-devel-linux-x86_64-debian-gcc | 0.1.1 | 33.74 | 41.72 | 75.46 | NOTE | |
r-devel-linux-x86_64-fedora-clang | 0.1.1 | 142.76 | NOTE | |||
r-devel-linux-x86_64-fedora-gcc | 0.1.1 | 123.52 | NOTE | |||
r-devel-windows-x86_64 | 0.1.1 | 54.00 | 111.00 | 165.00 | NOTE | |
r-patched-linux-x86_64 | 0.1.1 | 32.74 | 54.73 | 87.47 | NOTE | |
r-release-linux-x86_64 | 0.1.1 | 35.04 | 53.24 | 88.28 | NOTE | |
r-release-macos-arm64 | 0.1.1 | 40.00 | NOTE | |||
r-release-macos-x86_64 | 0.1.1 | 65.00 | NOTE | |||
r-release-windows-x86_64 | 0.1.1 | 53.00 | 112.00 | 165.00 | NOTE | |
r-oldrel-macos-arm64 | 0.1.1 | 44.00 | NOTE | |||
r-oldrel-macos-x86_64 | 0.1.1 | 65.00 | NOTE | |||
r-oldrel-windows-ix86+x86_64 | 0.1.1 | 102.00 | 115.00 | 217.00 | NOTE |
Version: 0.1.1
Check: C++ specification
Result: NOTE
Specified C++11: please update to current default of C++17
Flavors: r-devel-linux-x86_64-debian-clang, r-devel-linux-x86_64-debian-gcc, r-devel-linux-x86_64-fedora-clang, r-devel-linux-x86_64-fedora-gcc, r-devel-windows-x86_64
Version: 0.1.1
Check: LazyData
Result: NOTE
'LazyData' is specified without a 'data' directory
Flavors: r-devel-linux-x86_64-debian-clang, r-devel-linux-x86_64-debian-gcc, r-devel-linux-x86_64-fedora-clang, r-devel-linux-x86_64-fedora-gcc, r-devel-windows-x86_64, r-patched-linux-x86_64, r-release-linux-x86_64, r-release-macos-arm64, r-release-macos-x86_64, r-release-windows-x86_64, r-oldrel-macos-arm64, r-oldrel-macos-x86_64, r-oldrel-windows-ix86+x86_64