CRAN Package Check Results for Package edina

Last updated on 2024-03-04 07:48:26 CET.

Flavor Version Tinstall Tcheck Ttotal Status Flags
r-devel-linux-x86_64-debian-clang 0.1.1 49.49 56.59 106.08 NOTE
r-devel-linux-x86_64-debian-gcc 0.1.1 35.51 43.15 78.66 NOTE
r-devel-linux-x86_64-fedora-clang 0.1.1 139.25 NOTE
r-devel-linux-x86_64-fedora-gcc 0.1.1 134.51 NOTE
r-devel-windows-x86_64 0.1.1 36.00 84.00 120.00 NOTE
r-patched-linux-x86_64 0.1.1 40.35 54.85 95.20 NOTE
r-release-linux-x86_64 0.1.1 42.38 55.32 97.70 NOTE
r-release-macos-arm64 0.1.1 39.00 NOTE
r-release-macos-x86_64 0.1.1 63.00 NOTE
r-release-windows-x86_64 0.1.1 43.00 100.00 143.00 NOTE
r-oldrel-macos-arm64 0.1.1 40.00 NOTE
r-oldrel-windows-x86_64 0.1.1 46.00 89.00 135.00 NOTE

Check Details

Version: 0.1.1
Check: C++ specification
Result: NOTE Specified C++11: please drop specification unless essential Flavors: r-devel-linux-x86_64-debian-clang, r-devel-linux-x86_64-debian-gcc, r-devel-linux-x86_64-fedora-clang, r-devel-linux-x86_64-fedora-gcc, r-devel-windows-x86_64, r-patched-linux-x86_64, r-release-linux-x86_64, r-release-macos-arm64, r-release-macos-x86_64, r-release-windows-x86_64

Version: 0.1.1
Check: LazyData
Result: NOTE 'LazyData' is specified without a 'data' directory Flavors: r-devel-linux-x86_64-debian-clang, r-devel-linux-x86_64-debian-gcc, r-devel-linux-x86_64-fedora-clang, r-devel-linux-x86_64-fedora-gcc, r-devel-windows-x86_64, r-patched-linux-x86_64, r-release-linux-x86_64, r-release-macos-arm64, r-release-macos-x86_64, r-release-windows-x86_64, r-oldrel-macos-arm64, r-oldrel-windows-x86_64